Last updated on 2025-10-31 13:51:05 CET.
| Flavor | Version | Tinstall | Tcheck | Ttotal | Status | Flags | 
|---|---|---|---|---|---|---|
| r-devel-linux-x86_64-debian-clang | 1.0.2 | 4.43 | 36.15 | 40.58 | NOTE | |
| r-devel-linux-x86_64-debian-gcc | 1.0.2 | 2.96 | 27.06 | 30.02 | NOTE | |
| r-devel-linux-x86_64-fedora-clang | 1.0.2 | 58.04 | OK | |||
| r-devel-linux-x86_64-fedora-gcc | 1.0.2 | 55.22 | OK | |||
| r-devel-windows-x86_64 | 1.0.2 | 5.00 | 64.00 | 69.00 | OK | |
| r-patched-linux-x86_64 | 1.0.2 | 5.74 | 34.37 | 40.11 | OK | |
| r-release-linux-x86_64 | 1.0.2 | 3.98 | 33.63 | 37.61 | OK | |
| r-release-macos-arm64 | 1.0.2 | 2.00 | 20.00 | 22.00 | OK | |
| r-release-macos-x86_64 | 1.0.2 | 4.00 | 31.00 | 35.00 | OK | |
| r-release-windows-x86_64 | 1.0.2 | 7.00 | 71.00 | 78.00 | OK | |
| r-oldrel-macos-arm64 | 1.0.2 | 2.00 | 18.00 | 20.00 | OK | |
| r-oldrel-macos-x86_64 | 1.0.2 | 3.00 | 26.00 | 29.00 | OK | |
| r-oldrel-windows-x86_64 | 1.0.2 | 6.00 | 63.00 | 69.00 | OK | 
Version: 1.0.2
Check: CRAN incoming feasibility
Result: NOTE
  Maintainer: ‘Jose Gama <rxprtgama@gmail.com>’
  
  Found the following (possibly) invalid file URIs:
    URI: www.madur.com
      From: man/RTDtemperatureFromResistance.Rd
    URI: www.betatherm.com
      From: man/ThermistorSlope.Rd
    URI: www.betatherm.com
      From: man/ThermistorSteinhartHartCoeffFromMeasurements.Rd
    URI: www.betatherm.com
      From: man/ThermistorVolumeResistivityFromR25.Rd
    URI: www.betatherm.com
      From: man/ThermistorVolumeResistivityFromRho.Rd
    URI: www.conaxbuffalo.com
      From: man/ThermocoupleLeadWireExternalResistanceUS.Rd
    URI: www.madur.com
      From: man/rtdResistivityAlpha.Rd
    URI: www.phoenixcontact.com
      From: man/thermocoupleExtensionCables.Rd
    URI: www.tempco.com
      From: man/thermocoupleWireColorUnitedStatesCanadaMexico.Rd
    URI: www.conaxbuffalo.com
      From: man/thermocoupleWireSizeResistanceImperial.Rd
Flavors: r-devel-linux-x86_64-debian-clang, r-devel-linux-x86_64-debian-gcc