Last updated on 2025-11-01 00:50:16 CET.
| Flavor | Version | Tinstall | Tcheck | Ttotal | Status | Flags |
|---|---|---|---|---|---|---|
| r-devel-linux-x86_64-debian-clang | 0.1.2 | 13.36 | 61.77 | 75.13 | NOTE | |
| r-devel-linux-x86_64-debian-gcc | 0.1.2 | 8.86 | 46.48 | 55.34 | NOTE | |
| r-devel-linux-x86_64-fedora-clang | 0.1.2 | 27.00 | 96.61 | 123.61 | NOTE | |
| r-devel-linux-x86_64-fedora-gcc | 0.1.2 | 61.00 | 73.34 | 134.34 | NOTE | |
| r-devel-windows-x86_64 | 0.1.2 | 18.00 | 86.00 | 104.00 | NOTE | |
| r-patched-linux-x86_64 | 0.1.2 | 12.80 | 57.29 | 70.09 | NOTE | |
| r-release-linux-x86_64 | 0.1.2 | 13.03 | 57.26 | 70.29 | NOTE | |
| r-release-macos-arm64 | 0.1.2 | 7.00 | 35.00 | 42.00 | NOTE | |
| r-release-macos-x86_64 | 0.1.2 | 12.00 | 71.00 | 83.00 | NOTE | |
| r-release-windows-x86_64 | 0.1.2 | 21.00 | 87.00 | 108.00 | NOTE | |
| r-oldrel-macos-arm64 | 0.1.2 | 7.00 | 34.00 | 41.00 | NOTE | |
| r-oldrel-macos-x86_64 | 0.1.2 | 10.00 | 54.00 | 64.00 | NOTE | |
| r-oldrel-windows-x86_64 | 0.1.2 | 23.00 | 111.00 | 134.00 | NOTE |
Version: 0.1.2
Check: package subdirectories
Result: NOTE
Problems with news in ‘NEWS.md’:
Cannot extract version info from the following section titles:
Initial Release (v0.1.0)
Flavors: r-devel-linux-x86_64-debian-clang, r-devel-linux-x86_64-debian-gcc, r-devel-linux-x86_64-fedora-clang, r-devel-linux-x86_64-fedora-gcc, r-devel-windows-x86_64, r-patched-linux-x86_64, r-release-linux-x86_64, r-release-macos-arm64, r-release-macos-x86_64, r-release-windows-x86_64, r-oldrel-macos-arm64, r-oldrel-macos-x86_64, r-oldrel-windows-x86_64
Version: 0.1.2
Check: LazyData
Result: NOTE
'LazyData' is specified without a 'data' directory
Flavors: r-oldrel-macos-arm64, r-oldrel-macos-x86_64, r-oldrel-windows-x86_64