Last updated on 2024-05-27 02:48:19 CEST.
Flavor | Version | Tinstall | Tcheck | Ttotal | Status | Flags |
---|---|---|---|---|---|---|
r-devel-linux-x86_64-debian-clang | 0.1-12 | 6.25 | 22.50 | 28.75 | OK | |
r-devel-linux-x86_64-debian-gcc | 0.1-12 | 4.24 | 17.44 | 21.68 | OK | |
r-devel-linux-x86_64-fedora-clang | 0.1-12 | 36.58 | OK | |||
r-devel-linux-x86_64-fedora-gcc | 0.1-12 | 36.54 | OK | |||
r-devel-windows-x86_64 | 0.1-12 | 8.00 | 54.00 | 62.00 | OK | |
r-patched-linux-x86_64 | 0.1-12 | 5.37 | 21.51 | 26.88 | OK | |
r-release-linux-x86_64 | 0.1-12 | 5.09 | 21.48 | 26.57 | OK | |
r-release-macos-arm64 | 0.1-12 | 19.00 | NOTE | |||
r-release-windows-x86_64 | 0.1-12 | 9.00 | 55.00 | 64.00 | OK | |
r-oldrel-macos-arm64 | 0.1-12 | 25.00 | NOTE | |||
r-oldrel-macos-x86_64 | 0.1-12 | 48.00 | NOTE | |||
r-oldrel-windows-x86_64 | 0.1-12 | 10.00 | 52.00 | 62.00 | OK |
Version: 0.1-12
Check: installed package size
Result: NOTE
installed size is 5.4Mb
sub-directories of 1Mb or more:
libs 5.3Mb
Flavors: r-release-macos-arm64, r-oldrel-macos-arm64, r-oldrel-macos-x86_64