CRAN Package Check Results for Package tipitaka

Last updated on 2025-11-27 13:48:52 CET.

Flavor Version Tinstall Tcheck Ttotal Status Flags
r-devel-linux-x86_64-debian-clang 0.1.2 41.14 35.67 76.81 NOTE
r-devel-linux-x86_64-debian-gcc 0.1.2 36.78 28.91 65.69 NOTE
r-devel-linux-x86_64-fedora-clang 0.1.2 82.00 39.72 121.72 NOTE
r-devel-linux-x86_64-fedora-gcc 0.1.2 198.00 -70.54 127.46 NOTE
r-devel-windows-x86_64 0.1.2 54.00 65.00 119.00 NOTE
r-patched-linux-x86_64 0.1.2 41.82 33.08 74.90 NOTE
r-release-linux-x86_64 0.1.2 42.34 34.93 77.27 NOTE
r-release-macos-arm64 0.1.2 NOTE
r-release-macos-x86_64 0.1.2 51.00 48.00 99.00 NOTE
r-release-windows-x86_64 0.1.2 48.00 75.00 123.00 NOTE
r-oldrel-macos-arm64 0.1.2 NOTE
r-oldrel-macos-x86_64 0.1.2 39.00 32.00 71.00 NOTE
r-oldrel-windows-x86_64 0.1.2 63.00 73.00 136.00 NOTE

Check Details

Version: 0.1.2
Check: C++ specification
Result: NOTE Specified C++14: please drop specification unless essential Flavors: r-devel-linux-x86_64-debian-clang, r-devel-linux-x86_64-debian-gcc, r-devel-windows-x86_64, r-patched-linux-x86_64, r-release-linux-x86_64, r-release-macos-arm64, r-release-macos-x86_64, r-release-windows-x86_64, r-oldrel-macos-arm64, r-oldrel-macos-x86_64, r-oldrel-windows-x86_64

Version: 0.1.2
Check: C++ specification
Result: NOTE Specified C++14: support will be removed soon Flavors: r-devel-linux-x86_64-fedora-clang, r-devel-linux-x86_64-fedora-gcc

Version: 0.1.2
Check: dependencies in R code
Result: NOTE Namespaces in Imports field not imported from: ‘cpp11’ ‘dplyr’ ‘magrittr’ ‘stringi’ All declared Imports should be used. Flavors: r-devel-linux-x86_64-fedora-clang, r-devel-linux-x86_64-fedora-gcc

Version: 0.1.2
Check: installed package size
Result: NOTE installed size is 6.9Mb sub-directories of 1Mb or more: data 6.1Mb Flavors: r-oldrel-macos-arm64, r-oldrel-macos-x86_64, r-oldrel-windows-x86_64