Last updated on 2025-10-31 13:51:05 CET.
| Flavor | Version | Tinstall | Tcheck | Ttotal | Status | Flags | 
|---|---|---|---|---|---|---|
| r-devel-linux-x86_64-debian-clang | 0.2-10 | 3.59 | 30.34 | 33.93 | NOTE | |
| r-devel-linux-x86_64-debian-gcc | 0.2-10 | 1.84 | 23.60 | 25.44 | NOTE | |
| r-devel-linux-x86_64-fedora-clang | 0.2-10 | 51.11 | OK | |||
| r-devel-linux-x86_64-fedora-gcc | 0.2-10 | 13.00 | 38.24 | 51.24 | OK | |
| r-devel-windows-x86_64 | 0.2-10 | 4.00 | 47.00 | 51.00 | OK | |
| r-patched-linux-x86_64 | 0.2-10 | 3.29 | 28.60 | 31.89 | OK | |
| r-release-linux-x86_64 | 0.2-10 | 3.26 | 29.09 | 32.35 | OK | |
| r-release-macos-arm64 | 0.2-10 | 2.00 | 18.00 | 20.00 | OK | |
| r-release-macos-x86_64 | 0.2-10 | 3.00 | 31.00 | 34.00 | OK | |
| r-release-windows-x86_64 | 0.2-10 | 5.00 | 49.00 | 54.00 | OK | |
| r-oldrel-macos-arm64 | 0.2-10 | 2.00 | 17.00 | 19.00 | OK | |
| r-oldrel-macos-x86_64 | 0.2-10 | 3.00 | 24.00 | 27.00 | OK | |
| r-oldrel-windows-x86_64 | 0.2-10 | 6.00 | 55.00 | 61.00 | OK | 
Version: 0.2-10
Check: CRAN incoming feasibility
Result: NOTE
  Maintainer: ‘Stefan Theussl <Stefan.Theussl@R-project.org>’
  
  Package CITATION file contains call(s) to old-style personList() or
  as.personList().  Please use c() on person objects instead.
  Package CITATION file contains call(s) to old-style citEntry().  Please
  use bibentry() instead.
Flavors: r-devel-linux-x86_64-debian-clang, r-devel-linux-x86_64-debian-gcc