Last updated on 2025-10-31 13:51:05 CET.
| Flavor | Version | Tinstall | Tcheck | Ttotal | Status | Flags | 
|---|---|---|---|---|---|---|
| r-devel-linux-x86_64-debian-clang | 1.0.91 | 115.78 | 154.14 | 269.92 | NOTE | |
| r-devel-linux-x86_64-debian-gcc | 1.0.91 | 109.76 | 119.18 | 228.94 | NOTE | |
| r-devel-linux-x86_64-fedora-clang | 1.0.91 | 221.00 | 204.37 | 425.37 | OK | |
| r-devel-linux-x86_64-fedora-gcc | 1.0.91 | 309.00 | 188.23 | 497.23 | OK | |
| r-devel-windows-x86_64 | 1.0.91 | 139.00 | 162.00 | 301.00 | OK | |
| r-patched-linux-x86_64 | 1.0.91 | 157.56 | 159.36 | 316.92 | OK | |
| r-release-linux-x86_64 | 1.0.91 | 154.44 | 158.90 | 313.34 | OK | |
| r-release-macos-arm64 | 1.0.91 | 52.00 | 56.00 | 108.00 | OK | |
| r-release-macos-x86_64 | 1.0.91 | 157.00 | 134.00 | 291.00 | ERROR | |
| r-release-windows-x86_64 | 1.0.91 | 133.00 | 163.00 | 296.00 | OK | |
| r-oldrel-macos-arm64 | 1.0.91 | 25.00 | 36.00 | 61.00 | NOTE | |
| r-oldrel-macos-x86_64 | 1.0.91 | 51.00 | 68.00 | 119.00 | NOTE | |
| r-oldrel-windows-x86_64 | 1.0.91 | 166.00 | 212.00 | 378.00 | NOTE | 
Version: 1.0.91
Check: CRAN incoming feasibility
Result: NOTE
  Maintainer: ‘Kasper Kristensen <kaskr@dtu.dk>’
  
  No Authors@R field in DESCRIPTION.
  Please add one, modifying
    Authors@R: person(given = "Kasper",
                      family = "Kristensen",
                      role = c("aut", "cre"),
                      email = "kaskr@dtu.dk")
  as necessary.
Flavors: r-devel-linux-x86_64-debian-clang, r-devel-linux-x86_64-debian-gcc
Version: 1.0.91
Check: examples
Result: ERROR
  Running examples in ‘tmbstan-Ex.R’ failed
  The error most likely occurred in:
  
  > ### Name: tmbstan
  > ### Title: Draw MCMC samples from a TMB model object using Stan
  > ### Aliases: tmbstan
  > 
  > ### ** Examples
  > 
  > TMB::runExample("simple")
  Running example simple 
  
  > require(TMB)
  Loading required package: TMB
  
  > dyn.load(dynlib("simple"))
  Error in dyn.load(dynlib("simple")) : 
    unable to load shared object '/Volumes/Builds/packages/big-sur-x86_64/Rlib/4.5/TMB/examples/simple.so':
    dlopen(/Volumes/Builds/packages/big-sur-x86_64/Rlib/4.5/TMB/examples/simple.so, 0x0006): tried: '/Volumes/Builds/packages/big-sur-x86_64/Rlib/4.5/TMB/examples/simple.so' (not a mach-o file), '/System/Volumes/Preboot/Cryptexes/OS/Volumes/Builds/packages/big-sur-x86_64/Rlib/4.5/TMB/examples/simple.so' (no such file), '/Volumes/Builds/packages/big-sur-x86_64/Rlib/4.5/TMB/examples/simple.so' (not a mach-o file)
  Calls: <Anonymous> -> source -> withVisible -> eval -> eval -> dyn.load
  Execution halted
Flavor: r-release-macos-x86_64
Version: 1.0.91
Check: installed package size
Result: NOTE
    installed size is 46.8Mb
    sub-directories of 1Mb or more:
      libs  46.5Mb
Flavors: r-oldrel-macos-arm64, r-oldrel-macos-x86_64
Version: 1.0.91
Check: for GNU extensions in Makefiles
Result: NOTE
  GNU make is a SystemRequirements.
Flavors: r-oldrel-macos-arm64, r-oldrel-macos-x86_64, r-oldrel-windows-x86_64