Last updated on 2025-10-31 13:51:06 CET.
| Flavor | Version | Tinstall | Tcheck | Ttotal | Status | Flags | 
|---|---|---|---|---|---|---|
| r-devel-linux-x86_64-debian-clang | 0.1.5 | 13.84 | 37.20 | 51.04 | NOTE | |
| r-devel-linux-x86_64-debian-gcc | 0.1.5 | 9.06 | 28.22 | 37.28 | NOTE | |
| r-devel-linux-x86_64-fedora-clang | 0.1.5 | 37.00 | 48.14 | 85.14 | NOTE | |
| r-devel-linux-x86_64-fedora-gcc | 0.1.5 | 29.00 | 49.44 | 78.44 | NOTE | |
| r-devel-windows-x86_64 | 0.1.5 | 17.00 | 75.00 | 92.00 | NOTE | |
| r-patched-linux-x86_64 | 0.1.5 | 13.31 | 35.51 | 48.82 | NOTE | |
| r-release-linux-x86_64 | 0.1.5 | 13.40 | 36.37 | 49.77 | NOTE | |
| r-release-macos-arm64 | 0.1.5 | 7.00 | 23.00 | 30.00 | NOTE | |
| r-release-macos-x86_64 | 0.1.5 | 11.00 | 44.00 | 55.00 | NOTE | |
| r-release-windows-x86_64 | 0.1.5 | 19.00 | 79.00 | 98.00 | NOTE | |
| r-oldrel-macos-arm64 | 0.1.5 | 7.00 | 26.00 | 33.00 | NOTE | |
| r-oldrel-macos-x86_64 | 0.1.5 | 9.00 | 35.00 | 44.00 | NOTE | |
| r-oldrel-windows-x86_64 | 0.1.5 | 18.00 | 90.00 | 108.00 | NOTE | 
Version: 0.1.5
Check: CRAN incoming feasibility
Result: NOTE
  Maintainer: ‘Kasper Welbers <kasperwelbers@gmail.com>’
  
  No Authors@R field in DESCRIPTION.
  Please add one, modifying
    Authors@R: c(person(given = "Kasper",
                        family = "Welbers",
                        role = c("aut", "cre"),
                        email = "kasperwelbers@gmail.com"),
                 person(given = "Wouter",
                        family = "van Atteveldt",
                        role = "aut"))
  as necessary.
Flavors: r-devel-linux-x86_64-debian-clang, r-devel-linux-x86_64-debian-gcc
Version: 0.1.5
Check: C++ specification
Result: NOTE
    Specified C++11: please drop specification unless essential
Flavors: r-devel-linux-x86_64-debian-clang, r-devel-linux-x86_64-debian-gcc, r-devel-linux-x86_64-fedora-clang, r-devel-linux-x86_64-fedora-gcc, r-devel-windows-x86_64, r-patched-linux-x86_64, r-release-linux-x86_64, r-release-macos-arm64, r-release-macos-x86_64, r-release-windows-x86_64, r-oldrel-macos-arm64, r-oldrel-macos-x86_64, r-oldrel-windows-x86_64