Last updated on 2025-07-08 13:49:23 CEST.
Flavor | Version | Tinstall | Tcheck | Ttotal | Status | Flags |
---|---|---|---|---|---|---|
r-devel-linux-x86_64-debian-clang | 0.7.2 | 93.34 | 54.56 | 147.90 | NOTE | |
r-devel-linux-x86_64-debian-gcc | 0.7.2 | 60.43 | 39.25 | 99.68 | NOTE | |
r-devel-linux-x86_64-fedora-clang | 0.7.2 | 280.03 | OK | |||
r-devel-linux-x86_64-fedora-gcc | 0.7.2 | 249.95 | OK | |||
r-devel-windows-x86_64 | 0.7.2 | 102.00 | 95.00 | 197.00 | OK | |
r-patched-linux-x86_64 | 0.7.2 | 84.79 | 51.37 | 136.16 | OK | |
r-release-linux-x86_64 | 0.7.2 | 77.76 | 51.31 | 129.07 | OK | |
r-release-macos-arm64 | 0.7.2 | 85.00 | OK | |||
r-release-macos-x86_64 | 0.7.2 | 89.00 | OK | |||
r-release-windows-x86_64 | 0.7.2 | 101.00 | 101.00 | 202.00 | OK | |
r-oldrel-macos-arm64 | 0.7.2 | 67.00 | OK | |||
r-oldrel-macos-x86_64 | 0.7.2 | 77.00 | OK | |||
r-oldrel-windows-x86_64 | 0.7.2 | 122.00 | 115.00 | 237.00 | OK |
Version: 0.7.2
Check: CRAN incoming feasibility
Result: NOTE
Maintainer: ‘Marjolein Bruijning <m.bruijning@uva.nl>’
No Authors@R field in DESCRIPTION.
Please add one, modifying
Authors@R: c(person(given = "Marjolein",
family = "Bruijning",
role = c("aut", "cre"),
email = "m.bruijning@uva.nl"),
person(given = c("Marco", "D."),
family = "Visser",
role = "aut"),
person(given = c("Caspar", "A."),
family = "Hallmann",
role = "aut"),
person(given = "Eelke",
family = "Jongejans",
role = "aut"))
as necessary.
Flavors: r-devel-linux-x86_64-debian-clang, r-devel-linux-x86_64-debian-gcc