Last updated on 2024-05-28 12:56:33 CEST.
Flavor | Version | Tinstall | Tcheck | Ttotal | Status | Flags |
---|---|---|---|---|---|---|
r-devel-linux-x86_64-debian-clang | 4.5.0 | 5.18 | 48.57 | 53.75 | NOTE | |
r-devel-linux-x86_64-debian-gcc | 4.5.0 | 3.21 | 37.52 | 40.73 | NOTE | |
r-devel-linux-x86_64-fedora-clang | 4.5.0 | 69.74 | NOTE | |||
r-devel-linux-x86_64-fedora-gcc | 4.5.0 | 77.27 | NOTE | |||
r-devel-windows-x86_64 | 4.5.0 | 5.00 | 67.00 | 72.00 | NOTE | |
r-patched-linux-x86_64 | 4.5.0 | 5.10 | 47.04 | 52.14 | NOTE | |
r-release-linux-x86_64 | 4.5.0 | 3.91 | 46.32 | 50.23 | NOTE | |
r-release-macos-arm64 | 4.5.0 | 28.00 | NOTE | |||
r-release-windows-x86_64 | 4.5.0 | 5.00 | 66.00 | 71.00 | NOTE | |
r-oldrel-macos-arm64 | 4.5.0 | 30.00 | OK | |||
r-oldrel-macos-x86_64 | 4.5.0 | 74.00 | OK | |||
r-oldrel-windows-x86_64 | 4.5.0 | 6.00 | 70.00 | 76.00 | OK |
Version: 4.5.0
Check: Rd files
Result: NOTE
checkRd: (-1) ots_commodities.Rd:10: Lost braces in \itemize; meant \describe ?
checkRd: (-1) ots_commodities.Rd:11: Lost braces in \itemize; meant \describe ?
checkRd: (-1) ots_commodities.Rd:12: Lost braces in \itemize; meant \describe ?
checkRd: (-1) ots_commodities.Rd:13: Lost braces in \itemize; meant \describe ?
checkRd: (-1) ots_commodities_short.Rd:10: Lost braces in \itemize; meant \describe ?
checkRd: (-1) ots_commodities_short.Rd:11: Lost braces in \itemize; meant \describe ?
checkRd: (-1) ots_commodities_short.Rd:12: Lost braces in \itemize; meant \describe ?
checkRd: (-1) ots_commodities_short.Rd:13: Lost braces in \itemize; meant \describe ?
checkRd: (-1) ots_countries.Rd:10: Lost braces in \itemize; meant \describe ?
checkRd: (-1) ots_countries.Rd:11: Lost braces in \itemize; meant \describe ?
checkRd: (-1) ots_countries.Rd:12: Lost braces in \itemize; meant \describe ?
checkRd: (-1) ots_countries.Rd:13: Lost braces in \itemize; meant \describe ?
checkRd: (-1) ots_countries.Rd:14: Lost braces in \itemize; meant \describe ?
checkRd: (-1) ots_countries_colors.Rd:10: Lost braces in \itemize; meant \describe ?
checkRd: (-1) ots_countries_colors.Rd:11: Lost braces in \itemize; meant \describe ?
checkRd: (-1) ots_countries_colors.Rd:12: Lost braces in \itemize; meant \describe ?
checkRd: (-1) ots_distances.Rd:10: Lost braces in \itemize; meant \describe ?
checkRd: (-1) ots_distances.Rd:11: Lost braces in \itemize; meant \describe ?
checkRd: (-1) ots_distances.Rd:12: Lost braces in \itemize; meant \describe ?
checkRd: (-1) ots_distances.Rd:13: Lost braces in \itemize; meant \describe ?
checkRd: (-1) ots_distances.Rd:14: Lost braces in \itemize; meant \describe ?
checkRd: (-1) ots_distances.Rd:15: Lost braces in \itemize; meant \describe ?
checkRd: (-1) ots_distances.Rd:16: Lost braces in \itemize; meant \describe ?
checkRd: (-1) ots_distances.Rd:17: Lost braces in \itemize; meant \describe ?
checkRd: (-1) ots_gdp_deflator.Rd:10: Lost braces in \itemize; meant \describe ?
checkRd: (-1) ots_gdp_deflator.Rd:11: Lost braces in \itemize; meant \describe ?
checkRd: (-1) ots_gdp_deflator.Rd:12: Lost braces in \itemize; meant \describe ?
checkRd: (-1) ots_gdp_deflator.Rd:13: Lost braces in \itemize; meant \describe ?
checkRd: (-1) ots_sections.Rd:10: Lost braces in \itemize; meant \describe ?
checkRd: (-1) ots_sections.Rd:11: Lost braces in \itemize; meant \describe ?
checkRd: (-1) ots_sections_colors.Rd:10: Lost braces in \itemize; meant \describe ?
checkRd: (-1) ots_sections_colors.Rd:11: Lost braces in \itemize; meant \describe ?
checkRd: (-1) ots_tables.Rd:10: Lost braces in \itemize; meant \describe ?
checkRd: (-1) ots_tables.Rd:11: Lost braces in \itemize; meant \describe ?
checkRd: (-1) ots_tables.Rd:12: Lost braces in \itemize; meant \describe ?
Flavors: r-devel-linux-x86_64-debian-clang, r-devel-linux-x86_64-debian-gcc, r-devel-linux-x86_64-fedora-clang, r-devel-linux-x86_64-fedora-gcc, r-devel-windows-x86_64, r-patched-linux-x86_64, r-release-linux-x86_64, r-release-macos-arm64, r-release-windows-x86_64