Last updated on 2025-11-01 12:49:54 CET.
| Flavor | Version | Tinstall | Tcheck | Ttotal | Status | Flags |
|---|---|---|---|---|---|---|
| r-devel-linux-x86_64-debian-clang | 0.11.1 | 268.64 | 67.75 | 336.39 | OK | |
| r-devel-linux-x86_64-debian-gcc | 0.11.1 | 151.07 | 45.89 | 196.96 | OK | |
| r-devel-linux-x86_64-fedora-clang | 0.11.1 | 313.00 | 259.07 | 572.07 | OK | |
| r-devel-linux-x86_64-fedora-gcc | 0.11.1 | 349.00 | 176.37 | 525.37 | OK | |
| r-devel-windows-x86_64 | 0.11.1 | 217.00 | 98.00 | 315.00 | OK | |
| r-patched-linux-x86_64 | 0.11.1 | 225.30 | 63.13 | 288.43 | OK | |
| r-release-linux-x86_64 | 0.11.1 | 228.22 | 64.42 | 292.64 | OK | |
| r-release-macos-arm64 | 0.11.1 | 76.00 | 31.00 | 107.00 | OK | |
| r-release-macos-x86_64 | 0.11.1 | 54.00 | 47.00 | 101.00 | OK | |
| r-release-windows-x86_64 | 0.11.1 | 219.00 | 100.00 | 319.00 | OK | |
| r-oldrel-macos-arm64 | 0.11.1 | 80.00 | 36.00 | 116.00 | NOTE | |
| r-oldrel-macos-x86_64 | 0.11.1 | 81.00 | 57.00 | 138.00 | NOTE | |
| r-oldrel-windows-x86_64 | 0.11.1 | 263.00 | 126.00 | 389.00 | OK |
Version: 0.11.1
Check: installed package size
Result: NOTE
installed size is 21.9Mb
sub-directories of 1Mb or more:
libs 20.8Mb
Flavors: r-oldrel-macos-arm64, r-oldrel-macos-x86_64