Last updated on 2024-07-18 01:55:45 CEST.
Flavor | Version | Tinstall | Tcheck | Ttotal | Status | Flags |
---|---|---|---|---|---|---|
r-devel-linux-x86_64-debian-clang | 1.0 | 2.08 | 23.79 | 25.87 | OK | |
r-devel-linux-x86_64-debian-gcc | 1.0 | 1.80 | 18.04 | 19.84 | OK | |
r-devel-linux-x86_64-fedora-clang | 1.0 | 34.79 | OK | |||
r-devel-linux-x86_64-fedora-gcc | 1.0 | 30.37 | OK | |||
r-devel-windows-x86_64 | 1.0 | 2.00 | 40.00 | 42.00 | NOTE | |
r-patched-linux-x86_64 | 1.0 | 1.77 | 22.76 | 24.53 | OK | |
r-release-linux-x86_64 | 1.0 | 2.30 | 22.80 | 25.10 | OK | |
r-release-macos-arm64 | 1.0 | 75.00 | OK | |||
r-release-macos-x86_64 | 1.0 | 20.00 | OK | |||
r-release-windows-x86_64 | 1.0 | 3.00 | 40.00 | 43.00 | OK | |
r-oldrel-macos-arm64 | 1.0 | 15.00 | OK | |||
r-oldrel-macos-x86_64 | 1.0 | 20.00 | OK | |||
r-oldrel-windows-x86_64 | 1.0 | 2.00 | 40.00 | 42.00 | OK |
Version: 1.0
Check: Rd cross-references
Result: NOTE
Found the following Rd file(s) with Rd \link{} targets missing package
anchors:
translate.logit.Rd: multinom
Please provide package anchors for all Rd \link{} targets not in the
package itself and the base packages.
Flavor: r-devel-windows-x86_64