Last updated on 2024-05-28 12:56:33 CEST.
Flavor | Version | Tinstall | Tcheck | Ttotal | Status | Flags |
---|---|---|---|---|---|---|
r-devel-linux-x86_64-debian-clang | 0.1.1 | 2.27 | 29.50 | 31.77 | NOTE | |
r-devel-linux-x86_64-debian-gcc | 0.1.1 | 2.03 | 22.83 | 24.86 | NOTE | |
r-devel-linux-x86_64-fedora-clang | 0.1.1 | 41.05 | NOTE | |||
r-devel-linux-x86_64-fedora-gcc | 0.1.1 | 38.62 | NOTE | |||
r-devel-windows-x86_64 | 0.1.1 | 3.00 | 45.00 | 48.00 | NOTE | |
r-patched-linux-x86_64 | 0.1.1 | 2.45 | 28.06 | 30.51 | NOTE | |
r-release-linux-x86_64 | 0.1.1 | 2.68 | 29.07 | 31.75 | NOTE | |
r-release-macos-arm64 | 0.1.1 | 78.00 | NOTE | |||
r-release-windows-x86_64 | 0.1.1 | 3.00 | 45.00 | 48.00 | NOTE | |
r-oldrel-macos-arm64 | 0.1.1 | 19.00 | OK | |||
r-oldrel-macos-x86_64 | 0.1.1 | 29.00 | OK | |||
r-oldrel-windows-x86_64 | 0.1.1 | 3.00 | 48.00 | 51.00 | OK |
Version: 0.1.1
Check: Rd files
Result: NOTE
checkRd: (-1) trans.Rd:46: Lost braces; missing escapes or markup?
46 | "Found {trans("file", .n = n_files)} in {trans("directory", .n = n_dirs)}".
| ^
checkRd: (-1) trans.Rd:46: Lost braces; missing escapes or markup?
46 | "Found {trans("file", .n = n_files)} in {trans("directory", .n = n_dirs)}".
| ^
Flavors: r-devel-linux-x86_64-debian-clang, r-devel-linux-x86_64-debian-gcc, r-devel-linux-x86_64-fedora-clang, r-devel-linux-x86_64-fedora-gcc, r-devel-windows-x86_64, r-patched-linux-x86_64, r-release-linux-x86_64, r-release-macos-arm64, r-release-windows-x86_64