CRAN Package Check Results for Package trimmer

Last updated on 2025-07-08 13:49:23 CEST.

Flavor Version Tinstall Tcheck Ttotal Status Flags
r-devel-linux-x86_64-debian-clang 0.8.1 3.75 38.30 42.05 OK
r-devel-linux-x86_64-debian-gcc 0.8.1 2.96 29.26 32.22 OK
r-devel-linux-x86_64-fedora-clang 0.8.1 74.46 OK
r-devel-linux-x86_64-fedora-gcc 0.8.1 85.75 OK
r-devel-windows-x86_64 0.8.1 6.00 56.00 62.00 OK
r-patched-linux-x86_64 0.8.1 3.66 35.50 39.16 OK
r-release-linux-x86_64 0.8.1 3.56 36.29 39.85 OK
r-release-macos-arm64 0.8.1 35.00 OK
r-release-macos-x86_64 0.8.1 55.00 OK
r-release-windows-x86_64 0.8.1 6.00 56.00 62.00 OK
r-oldrel-macos-arm64 0.8.1 28.00 NOTE
r-oldrel-macos-x86_64 0.8.1 50.00 NOTE
r-oldrel-windows-x86_64 0.8.1 6.00 66.00 72.00 NOTE

Check Details

Version: 0.8.1
Check: LazyData
Result: NOTE 'LazyData' is specified without a 'data' directory Flavors: r-oldrel-macos-arm64, r-oldrel-macos-x86_64, r-oldrel-windows-x86_64