CRAN Package Check Results for Package tufte

Last updated on 2025-07-08 13:49:24 CEST.

Flavor Version Tinstall Tcheck Ttotal Status Flags
r-devel-linux-x86_64-debian-clang 0.13 2.24 28.47 30.71 NOTE
r-devel-linux-x86_64-debian-gcc 0.13 2.08 22.83 24.91 NOTE
r-devel-linux-x86_64-fedora-clang 0.13 49.41 OK
r-devel-linux-x86_64-fedora-gcc 0.13 44.89 OK
r-devel-windows-x86_64 0.13 4.00 47.00 51.00 NOTE
r-patched-linux-x86_64 0.13 2.68 25.73 28.41 NOTE
r-release-linux-x86_64 0.13 2.30 25.79 28.09 NOTE
r-release-macos-arm64 0.13 26.00 OK
r-release-macos-x86_64 0.13 47.00 OK
r-release-windows-x86_64 0.13 4.00 48.00 52.00 NOTE
r-oldrel-macos-arm64 0.13 20.00 OK
r-oldrel-macos-x86_64 0.13 27.00 OK
r-oldrel-windows-x86_64 0.13 5.00 53.00 58.00 OK

Check Details

Version: 0.13
Check: Rd cross-references
Result: NOTE Found the following Rd file(s) with Rd \link{} targets missing package anchors: tufte_handout.Rd: pdf_document, html_document Please provide package anchors for all Rd \link{} targets not in the package itself and the base packages. Flavors: r-devel-linux-x86_64-debian-clang, r-devel-linux-x86_64-debian-gcc, r-devel-windows-x86_64, r-patched-linux-x86_64, r-release-linux-x86_64, r-release-windows-x86_64