Last updated on 2024-07-18 01:55:46 CEST.
Flavor | Version | Tinstall | Tcheck | Ttotal | Status | Flags |
---|---|---|---|---|---|---|
r-devel-linux-x86_64-debian-clang | 2.3.5 | 11.85 | 42.01 | 53.86 | NOTE | |
r-devel-linux-x86_64-debian-gcc | 2.3.5 | 7.91 | 31.12 | 39.03 | NOTE | |
r-devel-linux-x86_64-fedora-clang | 2.3.5 | 70.89 | NOTE | |||
r-devel-linux-x86_64-fedora-gcc | 2.3.5 | 62.86 | NOTE | |||
r-devel-windows-x86_64 | 2.3.5 | 13.00 | 54.00 | 67.00 | NOTE | |
r-patched-linux-x86_64 | 2.3.5 | 10.39 | 40.74 | 51.13 | NOTE | |
r-release-linux-x86_64 | 2.3.5 | 9.15 | 39.45 | 48.60 | NOTE | |
r-release-macos-arm64 | 2.3.5 | 22.00 | NOTE | |||
r-release-macos-x86_64 | 2.3.5 | 32.00 | NOTE | |||
r-release-windows-x86_64 | 2.3.5 | 11.00 | 54.00 | 65.00 | NOTE | |
r-oldrel-macos-arm64 | 2.3.5 | 23.00 | OK | |||
r-oldrel-macos-x86_64 | 2.3.5 | 35.00 | OK | |||
r-oldrel-windows-x86_64 | 2.3.5 | 13.00 | 58.00 | 71.00 | OK |
Version: 2.3.5
Check: Rd files
Result: NOTE
checkRd: (-1) tweedie-internal.Rd:74: Lost braces
74 | doi{10.1093/biomet/74.2.221}
| ^
Flavors: r-devel-linux-x86_64-debian-clang, r-devel-linux-x86_64-debian-gcc, r-devel-linux-x86_64-fedora-clang, r-devel-linux-x86_64-fedora-gcc, r-devel-windows-x86_64, r-patched-linux-x86_64, r-release-linux-x86_64, r-release-macos-arm64, r-release-macos-x86_64, r-release-windows-x86_64