Last updated on 2025-11-28 00:50:09 CET.
| Flavor | Version | Tinstall | Tcheck | Ttotal | Status | Flags |
|---|---|---|---|---|---|---|
| r-devel-linux-x86_64-debian-clang | 0.8.12 | 110.51 | 289.72 | 400.23 | NOTE | |
| r-devel-linux-x86_64-debian-gcc | 0.8.14 | 94.52 | 238.28 | 332.80 | NOTE | |
| r-devel-linux-x86_64-fedora-clang | 0.8.14 | 313.00 | 316.50 | 629.50 | WARN | |
| r-devel-linux-x86_64-fedora-gcc | 0.8.14 | 479.00 | 298.88 | 777.88 | WARN | |
| r-devel-windows-x86_64 | 0.8.12 | 123.00 | 359.00 | 482.00 | NOTE | |
| r-patched-linux-x86_64 | 0.8.12 | 129.55 | 307.10 | 436.65 | NOTE | |
| r-release-linux-x86_64 | 0.8.12 | 129.06 | 309.55 | 438.61 | NOTE | |
| r-release-macos-arm64 | 0.8.14 | 21.00 | 101.00 | 122.00 | NOTE | |
| r-release-macos-x86_64 | 0.8.14 | 164.00 | 476.00 | 640.00 | NOTE | |
| r-release-windows-x86_64 | 0.8.12 | 118.00 | 398.00 | 516.00 | NOTE | |
| r-oldrel-macos-arm64 | 0.8.14 | 20.00 | 104.00 | 124.00 | NOTE | |
| r-oldrel-macos-x86_64 | 0.8.14 | 284.00 | 631.00 | 915.00 | NOTE | |
| r-oldrel-windows-x86_64 | 0.8.12 | 143.00 | 455.00 | 598.00 | NOTE |
Version: 0.8.12
Check: C++ specification
Result: NOTE
Specified C++11: please drop specification unless essential
Flavors: r-devel-linux-x86_64-debian-clang, r-devel-windows-x86_64, r-patched-linux-x86_64, r-release-linux-x86_64, r-release-windows-x86_64, r-oldrel-windows-x86_64
Version: 0.8.14
Check: C++ specification
Result: NOTE
Specified C++11: support will be removed soon
Flavors: r-devel-linux-x86_64-debian-gcc, r-devel-linux-x86_64-fedora-clang, r-devel-linux-x86_64-fedora-gcc
Version: 0.8.14
Check: whether package can be installed
Result: WARN
Found the following significant warnings:
udpipe.cpp:670:52: warning: 'iterator<std::input_iterator_tag, char32_t>' is deprecated [-Wdeprecated-declarations]
udpipe.cpp:702:52: warning: 'iterator<std::input_iterator_tag, char32_t>' is deprecated [-Wdeprecated-declarations]
See ‘/data/gannet/ripley/R/packages/tests-clang/udpipe.Rcheck/00install.out’ for details.
* used C++ compiler: ‘clang version 21.1.6’
Flavor: r-devel-linux-x86_64-fedora-clang
Version: 0.8.14
Check: whether package can be installed
Result: WARN
Found the following significant warnings:
udpipe.cpp:670:52: warning: ‘template<class _Category, class _Tp, class _Distance, class _Pointer, class _Reference> struct std::iterator’ is deprecated [-Wdeprecated-declarations]
udpipe.cpp:702:52: warning: ‘template<class _Category, class _Tp, class _Distance, class _Pointer, class _Reference> struct std::iterator’ is deprecated [-Wdeprecated-declarations]
See ‘/data/gannet/ripley/R/packages/tests-devel/udpipe.Rcheck/00install.out’ for details.
* used C++ compiler: ‘g++ (GCC) 15.1.1 20250521 (Red Hat 15.1.1-2)’
Flavor: r-devel-linux-x86_64-fedora-gcc
Version: 0.8.14
Check: C++ specification
Result: NOTE
Specified C++11: please drop specification unless essential
Flavors: r-release-macos-arm64, r-release-macos-x86_64, r-oldrel-macos-arm64, r-oldrel-macos-x86_64
Version: 0.8.14
Check: installed package size
Result: NOTE
installed size is 25.8Mb
sub-directories of 1Mb or more:
doc 1.3Mb
dummydata 1.4Mb
libs 21.3Mb
Flavors: r-oldrel-macos-arm64, r-oldrel-macos-x86_64
Version: 0.8.12
Check: installed package size
Result: NOTE
installed size is 7.2Mb
sub-directories of 1Mb or more:
doc 1.4Mb
dummydata 1.4Mb
libs 2.5Mb
Flavor: r-oldrel-windows-x86_64