Last updated on 2025-10-31 13:51:06 CET.
| Flavor | Version | Tinstall | Tcheck | Ttotal | Status | Flags | 
|---|---|---|---|---|---|---|
| r-devel-linux-x86_64-debian-clang | 0.1.0 | 43.42 | 313.35 | 356.77 | NOTE | |
| r-devel-linux-x86_64-debian-gcc | 0.1.0 | 25.92 | 207.52 | 233.44 | NOTE | |
| r-devel-linux-x86_64-fedora-clang | 0.1.0 | 91.00 | 464.65 | 555.65 | NOTE | |
| r-devel-linux-x86_64-fedora-gcc | 0.1.0 | 98.00 | 433.32 | 531.32 | NOTE | |
| r-devel-windows-x86_64 | 0.1.0 | 37.00 | 237.00 | 274.00 | NOTE | |
| r-patched-linux-x86_64 | 0.1.0 | 39.28 | 297.56 | 336.84 | NOTE | |
| r-release-linux-x86_64 | 0.1.0 | 38.65 | 292.70 | 331.35 | NOTE | |
| r-release-macos-arm64 | 0.1.0 | 14.00 | 103.00 | 117.00 | NOTE | |
| r-release-macos-x86_64 | 0.1.0 | 41.00 | 257.00 | 298.00 | OK | |
| r-release-windows-x86_64 | 0.1.0 | 36.00 | 238.00 | 274.00 | NOTE | |
| r-oldrel-macos-arm64 | 0.1.0 | 16.00 | 102.00 | 118.00 | OK | |
| r-oldrel-macos-x86_64 | 0.1.0 | 40.00 | 310.00 | 350.00 | OK | |
| r-oldrel-windows-x86_64 | 0.1.0 | 49.00 | 329.00 | 378.00 | OK | 
Version: 0.1.0
Check: DESCRIPTION meta-information
Result: NOTE
    Missing dependency on R >= 4.1.0 because package code uses the pipe
    |> or function shorthand \(...) syntax added in R 4.1.0.
    File(s) using such syntax:
      ‘augment_gazetteer.Rd’ ‘locate_event.Rd’
Flavors: r-devel-linux-x86_64-debian-clang, r-devel-linux-x86_64-debian-gcc, r-devel-linux-x86_64-fedora-clang, r-devel-linux-x86_64-fedora-gcc, r-devel-windows-x86_64, r-patched-linux-x86_64, r-release-linux-x86_64, r-release-macos-arm64, r-release-windows-x86_64