Last updated on 2024-05-28 12:56:33 CEST.
Flavor | Version | Tinstall | Tcheck | Ttotal | Status | Flags |
---|---|---|---|---|---|---|
r-devel-linux-x86_64-debian-clang | 0.0.6 | 4.99 | 47.59 | 52.58 | OK | |
r-devel-linux-x86_64-debian-gcc | 0.0.6 | 4.02 | 35.44 | 39.46 | OK | |
r-devel-linux-x86_64-fedora-clang | 0.0.6 | 72.55 | NOTE | |||
r-devel-linux-x86_64-fedora-gcc | 0.0.6 | 61.64 | NOTE | |||
r-devel-windows-x86_64 | 0.0.6 | 7.00 | 54.00 | 61.00 | OK | |
r-patched-linux-x86_64 | 0.0.6 | 5.20 | 44.75 | 49.95 | OK | |
r-release-linux-x86_64 | 0.0.6 | 5.13 | 44.47 | 49.60 | OK | |
r-release-macos-arm64 | 0.0.6 | 23.00 | OK | |||
r-release-windows-x86_64 | 0.0.6 | 5.00 | 55.00 | 60.00 | OK | |
r-oldrel-macos-arm64 | 0.0.6 | 24.00 | OK | |||
r-oldrel-macos-x86_64 | 0.0.6 | 34.00 | OK | |||
r-oldrel-windows-x86_64 | 0.0.6 | 7.00 | 64.00 | 71.00 | OK |
Version: 0.0.6
Check: dependencies in R code
Result: NOTE
Namespaces in Imports field not imported from:
‘RCurl’ ‘stringdist’ ‘utils’
All declared Imports should be used.
Flavors: r-devel-linux-x86_64-fedora-clang, r-devel-linux-x86_64-fedora-gcc