Last updated on 2024-07-18 01:55:46 CEST.
Flavor | Version | Tinstall | Tcheck | Ttotal | Status | Flags |
---|---|---|---|---|---|---|
r-devel-linux-x86_64-debian-clang | 0.7-8 | 2.90 | 42.13 | 45.03 | NOTE | |
r-devel-linux-x86_64-debian-gcc | 0.7-8 | 2.75 | 33.77 | 36.52 | NOTE | |
r-devel-linux-x86_64-fedora-clang | 0.7-8 | 58.36 | NOTE | |||
r-devel-linux-x86_64-fedora-gcc | 0.7-8 | 55.35 | NOTE | |||
r-devel-windows-x86_64 | 0.7-8 | 3.00 | 57.00 | 60.00 | NOTE | |
r-patched-linux-x86_64 | 0.7-8 | 3.53 | 40.58 | 44.11 | NOTE | |
r-release-linux-x86_64 | 0.7-8 | 2.74 | 43.06 | 45.80 | NOTE | |
r-release-macos-arm64 | 0.7-8 | 25.00 | NOTE | |||
r-release-macos-x86_64 | 0.7-8 | 38.00 | NOTE | |||
r-release-windows-x86_64 | 0.7-8 | 4.00 | 56.00 | 60.00 | NOTE | |
r-oldrel-macos-arm64 | 0.7-8 | 30.00 | NOTE | |||
r-oldrel-macos-x86_64 | 0.7-8 | 33.00 | NOTE | |||
r-oldrel-windows-x86_64 | 0.7-8 | 3.00 | 61.00 | 64.00 | NOTE |
Version: 0.7-8
Check: Rd files
Result: NOTE
checkRd: (-1) randomVarImpsRFplot.Rd:97: Escaped LaTeX specials: \&
checkRd: (-1) varSelImpSpecRF.Rd:83: Escaped LaTeX specials: \&
Flavors: r-devel-linux-x86_64-debian-clang, r-devel-linux-x86_64-debian-gcc, r-devel-linux-x86_64-fedora-clang, r-devel-linux-x86_64-fedora-gcc, r-devel-windows-x86_64, r-patched-linux-x86_64, r-release-linux-x86_64, r-release-macos-arm64, r-release-macos-x86_64, r-release-windows-x86_64, r-oldrel-macos-arm64, r-oldrel-macos-x86_64, r-oldrel-windows-x86_64