CRAN Package Check Results for Package vdar

Last updated on 2025-11-27 13:48:53 CET.

Flavor Version Tinstall Tcheck Ttotal Status Flags
r-devel-linux-x86_64-debian-clang 0.1.3-2 2.02 28.48 30.50 NOTE
r-devel-linux-x86_64-debian-gcc 0.1.3-2 1.81 21.85 23.66 NOTE
r-devel-linux-x86_64-fedora-clang 0.1.3-2 41.92 OK
r-devel-linux-x86_64-fedora-gcc 0.1.3-2 43.82 OK
r-devel-windows-x86_64 0.1.3-2 5.00 46.00 51.00 OK
r-patched-linux-x86_64 0.1.3-2 2.50 26.60 29.10 OK
r-release-linux-x86_64 0.1.3-2 2.22 26.30 28.52 OK
r-release-macos-arm64 0.1.3-2 OK
r-release-macos-x86_64 0.1.3-2 2.00 30.00 32.00 OK
r-release-windows-x86_64 0.1.3-2 4.00 50.00 54.00 OK
r-oldrel-macos-arm64 0.1.3-2 OK
r-oldrel-macos-x86_64 0.1.3-2 2.00 23.00 25.00 OK
r-oldrel-windows-x86_64 0.1.3-2 5.00 54.00 59.00 OK

Check Details

Version: 0.1.3-2
Check: CRAN incoming feasibility
Result: NOTE Maintainer: ‘Solveig Pospiech <s.pospiech@hzdr.de>’ No Authors@R field in DESCRIPTION. Please add one, modifying Authors@R: person(given = "Solveig", family = "Pospiech", role = c("aut", "cre"), email = "s.pospiech@hzdr.de") as necessary. Flavors: r-devel-linux-x86_64-debian-clang, r-devel-linux-x86_64-debian-gcc