Last updated on 2025-10-31 13:51:06 CET.
| Flavor | Version | Tinstall | Tcheck | Ttotal | Status | Flags | 
|---|---|---|---|---|---|---|
| r-devel-linux-x86_64-debian-clang | 1.0-1 | 15.21 | 133.13 | 148.34 | NOTE | |
| r-devel-linux-x86_64-debian-gcc | 1.0-1 | 10.65 | 93.75 | 104.40 | NOTE | |
| r-devel-linux-x86_64-fedora-clang | 1.0-1 | 35.00 | 198.93 | 233.93 | OK | |
| r-devel-linux-x86_64-fedora-gcc | 1.0-1 | 23.00 | 217.86 | 240.86 | OK | |
| r-devel-windows-x86_64 | 1.0-1 | 20.00 | 178.00 | 198.00 | OK | |
| r-patched-linux-x86_64 | 1.0-1 | 14.10 | 128.23 | 142.33 | OK | |
| r-release-linux-x86_64 | 1.0-1 | 14.10 | 127.19 | 141.29 | OK | |
| r-release-macos-arm64 | 1.0-1 | 8.00 | 74.00 | 82.00 | OK | |
| r-release-macos-x86_64 | 1.0-1 | 12.00 | 159.00 | 171.00 | OK | |
| r-release-windows-x86_64 | 1.0-1 | 20.00 | 179.00 | 199.00 | OK | |
| r-oldrel-macos-arm64 | 1.0-1 | 8.00 | 59.00 | 67.00 | OK | |
| r-oldrel-macos-x86_64 | 1.0-1 | 14.00 | 181.00 | 195.00 | OK | |
| r-oldrel-windows-x86_64 | 1.0-1 | 24.00 | 212.00 | 236.00 | OK | 
Version: 1.0-1
Check: CRAN incoming feasibility
Result: NOTE
  Maintainer: ‘Philippe Regnault <philipperegnault@hotmail.com>’
  
  No Authors@R field in DESCRIPTION.
  Please add one, modifying
    Authors@R: c(person(given = "Justine",
                        family = "Lequesne",
                        role = "aut"),
                 person(given = "Philippe",
                        family = "Regnault",
                        role = c("aut", "cre"),
                        email = "philipperegnault@hotmail.com"))
  as necessary.
Flavors: r-devel-linux-x86_64-debian-clang, r-devel-linux-x86_64-debian-gcc