Last updated on 2025-07-08 13:49:24 CEST.
Flavor | Version | Tinstall | Tcheck | Ttotal | Status | Flags |
---|---|---|---|---|---|---|
r-devel-linux-x86_64-debian-clang | 0.6.1 | 4.06 | 45.47 | 49.53 | OK | |
r-devel-linux-x86_64-debian-gcc | 0.6.1 | 3.02 | 32.39 | 35.41 | OK | |
r-devel-linux-x86_64-fedora-clang | 0.6.1 | 73.72 | OK | |||
r-devel-linux-x86_64-fedora-gcc | 0.6.1 | 70.10 | OK | |||
r-devel-windows-x86_64 | 0.6.1 | 6.00 | 58.00 | 64.00 | OK | |
r-patched-linux-x86_64 | 0.6.1 | 4.14 | 41.45 | 45.59 | OK | |
r-release-linux-x86_64 | 0.6.1 | 3.43 | 41.50 | 44.93 | OK | |
r-release-macos-arm64 | 0.6.1 | 29.00 | OK | |||
r-release-macos-x86_64 | 0.6.1 | 57.00 | OK | |||
r-release-windows-x86_64 | 0.6.1 | 6.00 | 54.00 | 60.00 | ERROR | |
r-oldrel-macos-arm64 | 0.6.1 | 24.00 | OK | |||
r-oldrel-macos-x86_64 | 0.6.1 | 45.00 | OK | |||
r-oldrel-windows-x86_64 | 0.6.1 | 6.00 | 70.00 | 76.00 | OK |
Version: 0.6.1
Check: tests
Result: ERROR
Running 'testthat.R' [7s]
Running the tests in 'tests/testthat.R' failed.
Complete output:
> library(testthat)
> library(waldo)
Attaching package: 'waldo'
The following object is masked from 'package:testthat':
compare
>
> test_check("waldo")
Flavor: r-release-windows-x86_64