Last updated on 2025-10-31 13:51:07 CET.
| Flavor | Version | Tinstall | Tcheck | Ttotal | Status | Flags | 
|---|---|---|---|---|---|---|
| r-devel-linux-x86_64-debian-clang | 0.1.0 | 11.44 | 96.52 | 107.96 | NOTE | |
| r-devel-linux-x86_64-debian-gcc | 0.1.0 | 8.69 | 67.21 | 75.90 | NOTE | |
| r-devel-linux-x86_64-fedora-clang | 0.1.0 | 24.00 | 141.90 | 165.90 | NOTE | |
| r-devel-linux-x86_64-fedora-gcc | 0.1.0 | 21.00 | 136.99 | 157.99 | NOTE | |
| r-devel-windows-x86_64 | 0.1.0 | 14.00 | 94.00 | 108.00 | OK | |
| r-patched-linux-x86_64 | 0.1.0 | 11.69 | 90.47 | 102.16 | OK | |
| r-release-linux-x86_64 | 0.1.0 | 10.80 | 89.18 | 99.98 | OK | |
| r-release-macos-arm64 | 0.1.0 | 5.00 | 39.00 | 44.00 | OK | |
| r-release-macos-x86_64 | 0.1.0 | 10.00 | 74.00 | 84.00 | OK | |
| r-release-windows-x86_64 | 0.1.0 | 12.00 | 94.00 | 106.00 | OK | |
| r-oldrel-macos-arm64 | 0.1.0 | 5.00 | 42.00 | 47.00 | NOTE | |
| r-oldrel-macos-x86_64 | 0.1.0 | 10.00 | 58.00 | 68.00 | NOTE | |
| r-oldrel-windows-x86_64 | 0.1.0 | 19.00 | 121.00 | 140.00 | NOTE | 
Version: 0.1.0
Check: CRAN incoming feasibility
Result: NOTE
  Maintainer: ‘Emilie Devijver <emilie.devijver@kuleuven.be>’
  
  No Authors@R field in DESCRIPTION.
  Please add one, modifying
    Authors@R: c(person(given = "Emilie",
                        family = "Devijver",
                        role = c("aut", "cre"),
                        email = "emilie.devijver@kuleuven.be"),
                 person(given = "Gerda",
                        family = "Claeskens",
                        role = "aut"),
                 person(given = "Irene",
                        family = "Gijbels",
                        role = "aut"))
  as necessary.
Flavors: r-devel-linux-x86_64-debian-clang, r-devel-linux-x86_64-debian-gcc
Version: 0.1.0
Check: dependencies in R code
Result: NOTE
  Namespace in Imports field not imported from: ‘nlme’
    All declared Imports should be used.
Flavors: r-devel-linux-x86_64-fedora-clang, r-devel-linux-x86_64-fedora-gcc
Version: 0.1.0
Check: LazyData
Result: NOTE
    'LazyData' is specified without a 'data' directory
Flavors: r-oldrel-macos-arm64, r-oldrel-macos-x86_64, r-oldrel-windows-x86_64