Last updated on 2025-10-31 13:51:07 CET.
| Flavor | Version | Tinstall | Tcheck | Ttotal | Status | Flags | 
|---|---|---|---|---|---|---|
| r-devel-linux-x86_64-debian-clang | 2.1 | 12.30 | 29.47 | 41.77 | NOTE | |
| r-devel-linux-x86_64-debian-gcc | 2.1 | 8.56 | 23.00 | 31.56 | NOTE | |
| r-devel-linux-x86_64-fedora-clang | 2.1 | 22.00 | 44.43 | 66.43 | OK | |
| r-devel-linux-x86_64-fedora-gcc | 2.1 | 24.00 | 39.88 | 63.88 | OK | |
| r-devel-windows-x86_64 | 2.1 | 15.00 | 63.00 | 78.00 | OK | |
| r-patched-linux-x86_64 | 2.1 | 13.61 | 27.66 | 41.27 | OK | |
| r-release-linux-x86_64 | 2.1 | 12.53 | 27.73 | 40.26 | OK | |
| r-release-macos-arm64 | 2.1 | 7.00 | 18.00 | 25.00 | OK | |
| r-release-macos-x86_64 | 2.1 | 10.00 | 39.00 | 49.00 | OK | |
| r-release-windows-x86_64 | 2.1 | 16.00 | 68.00 | 84.00 | OK | |
| r-oldrel-macos-arm64 | 2.1 | 6.00 | 20.00 | 26.00 | OK | |
| r-oldrel-macos-x86_64 | 2.1 | 11.00 | 25.00 | 36.00 | OK | |
| r-oldrel-windows-x86_64 | 2.1 | 15.00 | 76.00 | 91.00 | OK | 
Version: 2.1
Check: CRAN incoming feasibility
Result: NOTE
  Maintainer: ‘Karolos Korkas <kkorkas@yahoo.co.uk>’
  
  No Authors@R field in DESCRIPTION.
  Please add one, modifying
    Authors@R: c(person(given = "Karolos",
                        family = "Korkas",
                        role = c("aut", "cre"),
                        email = "kkorkas@yahoo.co.uk"),
                 person(given = "Piotr",
                        family = "Fryzlewicz",
                        role = "aut"))
  as necessary.
Flavors: r-devel-linux-x86_64-debian-clang, r-devel-linux-x86_64-debian-gcc