Last updated on 2024-05-27 02:48:21 CEST.
Flavor | Version | Tinstall | Tcheck | Ttotal | Status | Flags |
---|---|---|---|---|---|---|
r-devel-linux-x86_64-debian-clang | 1.0.1 | 3.52 | 46.30 | 49.82 | NOTE | |
r-devel-linux-x86_64-debian-gcc | 1.0.1 | 3.71 | 34.68 | 38.39 | NOTE | |
r-devel-linux-x86_64-fedora-clang | 1.0.1 | 63.71 | NOTE | |||
r-devel-linux-x86_64-fedora-gcc | 1.0.1 | 59.88 | NOTE | |||
r-devel-windows-x86_64 | 1.0.1 | 6.00 | 54.00 | 60.00 | NOTE | |
r-patched-linux-x86_64 | 1.0.1 | 4.76 | 46.00 | 50.76 | NOTE | |
r-release-linux-x86_64 | 1.0.1 | 4.33 | 44.26 | 48.59 | NOTE | |
r-release-macos-arm64 | 1.0.1 | 22.00 | NOTE | |||
r-release-windows-x86_64 | 1.0.1 | 5.00 | 56.00 | 61.00 | NOTE | |
r-oldrel-macos-arm64 | 1.0.1 | 22.00 | NOTE | |||
r-oldrel-macos-x86_64 | 1.0.1 | 33.00 | NOTE | |||
r-oldrel-windows-x86_64 | 1.0.1 | 6.00 | 62.00 | 68.00 | NOTE |
Version: 1.0.1
Check: package subdirectories
Result: NOTE
Problems with news in ‘NEWS.md’:
No news entries found.
Flavors: r-devel-linux-x86_64-debian-clang, r-devel-linux-x86_64-debian-gcc, r-devel-linux-x86_64-fedora-clang, r-devel-linux-x86_64-fedora-gcc, r-devel-windows-x86_64, r-patched-linux-x86_64, r-release-linux-x86_64, r-release-macos-arm64, r-release-windows-x86_64, r-oldrel-macos-arm64, r-oldrel-macos-x86_64, r-oldrel-windows-x86_64