Last updated on 2025-11-27 13:48:54 CET.
| Flavor | Version | Tinstall | Tcheck | Ttotal | Status | Flags |
|---|---|---|---|---|---|---|
| r-devel-linux-x86_64-debian-clang | 0.1-17 | 3.39 | 41.15 | 44.54 | OK | |
| r-devel-linux-x86_64-debian-gcc | 0.1-17 | 2.87 | 32.38 | 35.25 | OK | |
| r-devel-linux-x86_64-fedora-clang | 0.1-17 | 69.37 | OK | |||
| r-devel-linux-x86_64-fedora-gcc | 0.1-17 | 81.02 | OK | |||
| r-devel-windows-x86_64 | 0.1-17 | 6.00 | 62.00 | 68.00 | OK | |
| r-patched-linux-x86_64 | 0.1-17 | 3.64 | 39.16 | 42.80 | OK | |
| r-release-linux-x86_64 | 0.1-17 | 3.63 | 39.06 | 42.69 | OK | |
| r-release-macos-arm64 | 0.1-17 | OK | ||||
| r-release-macos-x86_64 | 0.1-17 | 5.00 | 53.00 | 58.00 | OK | |
| r-release-windows-x86_64 | 0.1-17 | 4.00 | 63.00 | 67.00 | OK | |
| r-oldrel-macos-arm64 | 0.1-17 | NOTE | ||||
| r-oldrel-macos-x86_64 | 0.1-17 | 7.00 | 93.00 | 100.00 | NOTE | |
| r-oldrel-windows-x86_64 | 0.1-17 | 5.00 | 65.00 | 70.00 | NOTE |
Version: 0.1-17
Check: package dependencies
Result: NOTE
Package suggested but not available for checking: ‘wordnetDicts’
Flavors: r-oldrel-macos-arm64, r-oldrel-macos-x86_64, r-oldrel-windows-x86_64