Last updated on 2025-10-31 13:51:07 CET.
| Flavor | Version | Tinstall | Tcheck | Ttotal | Status | Flags | 
|---|---|---|---|---|---|---|
| r-devel-linux-x86_64-debian-clang | 1.0-1 | 1.34 | 21.44 | 22.78 | NOTE | |
| r-devel-linux-x86_64-debian-gcc | 1.0-1 | 1.09 | 17.75 | 18.84 | NOTE | |
| r-devel-linux-x86_64-fedora-clang | 1.0-1 | 33.50 | NOTE | |||
| r-devel-linux-x86_64-fedora-gcc | 1.0-1 | 31.87 | NOTE | |||
| r-devel-windows-x86_64 | 1.0-1 | 4.00 | 44.00 | 48.00 | NOTE | |
| r-patched-linux-x86_64 | 1.0-1 | 1.45 | 20.30 | 21.75 | NOTE | |
| r-release-linux-x86_64 | 1.0-1 | 1.20 | 20.44 | 21.64 | NOTE | |
| r-release-macos-arm64 | 1.0-1 | 1.00 | 16.00 | 17.00 | NOTE | |
| r-release-macos-x86_64 | 1.0-1 | 1.00 | 25.00 | 26.00 | NOTE | |
| r-release-windows-x86_64 | 1.0-1 | 4.00 | 48.00 | 52.00 | NOTE | |
| r-oldrel-macos-arm64 | 1.0-1 | 1.00 | 14.00 | 15.00 | NOTE | |
| r-oldrel-macos-x86_64 | 1.0-1 | 1.00 | 22.00 | 23.00 | NOTE | |
| r-oldrel-windows-x86_64 | 1.0-1 | 3.00 | 43.00 | 46.00 | NOTE | 
Version: 1.0-1
Check: CRAN incoming feasibility
Result: NOTE
  Maintainer: ‘Hana Sevcikova <hanas@uw.edu>’
  
  No Authors@R field in DESCRIPTION.
  Please add one, modifying
    Authors@R: c(person(given = "Hana",
                        family = "Sevcikova",
                        role = c("aut", "cre"),
                        email = "hanas@uw.edu"),
                 person(given = "Patrick",
                        family = "Gerland",
                        role = "aut",
                        email = "gerland@un.org"))
  as necessary.
Flavors: r-devel-linux-x86_64-debian-clang, r-devel-linux-x86_64-debian-gcc
Version: 1.0-1
Check: DESCRIPTION meta-information
Result: NOTE
  Malformed Description field: should contain one or more complete sentences.
Flavors: r-devel-linux-x86_64-debian-clang, r-devel-linux-x86_64-debian-gcc, r-devel-linux-x86_64-fedora-clang, r-devel-linux-x86_64-fedora-gcc, r-devel-windows-x86_64, r-patched-linux-x86_64, r-release-linux-x86_64, r-release-macos-arm64, r-release-macos-x86_64, r-release-windows-x86_64, r-oldrel-macos-arm64, r-oldrel-macos-x86_64, r-oldrel-windows-x86_64