Last updated on 2025-11-03 12:50:07 CET.
| Flavor | Version | Tinstall | Tcheck | Ttotal | Status | Flags | 
|---|---|---|---|---|---|---|
| r-devel-linux-x86_64-debian-clang | 1.13.3 | 21.50 | 268.50 | 290.00 | OK | |
| r-devel-linux-x86_64-debian-gcc | 1.13.3 | 12.55 | 181.32 | 193.87 | OK | |
| r-devel-linux-x86_64-fedora-clang | 1.13.3 | 44.00 | 301.62 | 345.62 | OK | |
| r-devel-linux-x86_64-fedora-gcc | 1.13.3 | 48.00 | 382.32 | 430.32 | OK | |
| r-devel-windows-x86_64 | 1.13.3 | 23.00 | 222.00 | 245.00 | OK | |
| r-patched-linux-x86_64 | 1.13.3 | 20.60 | 258.38 | 278.98 | OK | |
| r-release-linux-x86_64 | 1.13.3 | 21.33 | 258.53 | 279.86 | OK | |
| r-release-macos-arm64 | 1.13.3 | 9.00 | 88.00 | 97.00 | OK | |
| r-release-macos-x86_64 | 1.13.3 | 18.00 | 199.00 | 217.00 | OK | |
| r-release-windows-x86_64 | 1.13.3 | 22.00 | 219.00 | 241.00 | OK | |
| r-oldrel-macos-arm64 | 1.13.3 | 8.00 | 98.00 | 106.00 | NOTE | |
| r-oldrel-macos-x86_64 | 1.13.3 | 22.00 | 206.00 | 228.00 | NOTE | |
| r-oldrel-windows-x86_64 | 1.13.3 | 32.00 | 275.00 | 307.00 | NOTE | 
Version: 1.13.3
Check: installed package size
Result: NOTE
    installed size is  6.5Mb
    sub-directories of 1Mb or more:
      doc       2.8Mb
      extdata   2.5Mb
Flavors: r-oldrel-macos-arm64, r-oldrel-macos-x86_64, r-oldrel-windows-x86_64