Last updated on 2025-11-27 13:48:54 CET.
| Flavor | Version | Tinstall | Tcheck | Ttotal | Status | Flags |
|---|---|---|---|---|---|---|
| r-devel-linux-x86_64-debian-clang | 0.9.0 | 2.63 | 30.92 | 33.55 | OK | |
| r-devel-linux-x86_64-debian-gcc | 0.9.0 | 1.83 | 24.09 | 25.92 | OK | |
| r-devel-linux-x86_64-fedora-clang | 0.9.0 | 51.67 | OK | |||
| r-devel-linux-x86_64-fedora-gcc | 0.9.0 | 47.98 | OK | |||
| r-devel-windows-x86_64 | 0.9.0 | 9.00 | 58.00 | 67.00 | OK | |
| r-patched-linux-x86_64 | 0.9.0 | 2.87 | 30.25 | 33.12 | OK | |
| r-release-linux-x86_64 | 0.9.0 | 2.59 | 29.86 | 32.45 | OK | |
| r-release-macos-arm64 | 0.9.0 | OK | ||||
| r-release-macos-x86_64 | 0.9.0 | 3.00 | 52.00 | 55.00 | OK | |
| r-release-windows-x86_64 | 0.9.0 | 4.00 | 72.00 | 76.00 | OK | |
| r-oldrel-macos-arm64 | 0.9.0 | NOTE | ||||
| r-oldrel-macos-x86_64 | 0.9.0 | 3.00 | 50.00 | 53.00 | NOTE | |
| r-oldrel-windows-x86_64 | 0.9.0 | 7.00 | 58.00 | 65.00 | NOTE |
Version: 0.9.0
Check: installed package size
Result: NOTE
installed size is 11.8Mb
sub-directories of 1Mb or more:
java 11.7Mb
Flavors: r-oldrel-macos-arm64, r-oldrel-macos-x86_64, r-oldrel-windows-x86_64