Last updated on 2025-10-31 13:51:07 CET.
| Flavor | Version | Tinstall | Tcheck | Ttotal | Status | Flags | 
|---|---|---|---|---|---|---|
| r-devel-linux-x86_64-debian-clang | 0.4.0 | 1.84 | 25.89 | 27.73 | NOTE | |
| r-devel-linux-x86_64-debian-gcc | 0.4.0 | 1.45 | 20.54 | 21.99 | NOTE | |
| r-devel-linux-x86_64-fedora-clang | 0.4.0 | 39.04 | NOTE | |||
| r-devel-linux-x86_64-fedora-gcc | 0.4.0 | 41.09 | NOTE | |||
| r-devel-windows-x86_64 | 0.4.0 | 3.00 | 42.00 | 45.00 | NOTE | |
| r-patched-linux-x86_64 | 0.4.0 | 1.98 | 23.16 | 25.14 | NOTE | |
| r-release-linux-x86_64 | 0.4.0 | 1.72 | 23.27 | 24.99 | NOTE | |
| r-release-macos-arm64 | 0.4.0 | 3.00 | 22.00 | 25.00 | NOTE | |
| r-release-macos-x86_64 | 0.4.0 | 5.00 | 43.00 | 48.00 | NOTE | |
| r-release-windows-x86_64 | 0.4.0 | 4.00 | 44.00 | 48.00 | NOTE | |
| r-oldrel-macos-arm64 | 0.4.0 | 3.00 | 21.00 | 24.00 | OK | |
| r-oldrel-macos-x86_64 | 0.4.0 | 4.00 | 36.00 | 40.00 | OK | |
| r-oldrel-windows-x86_64 | 0.4.0 | 3.00 | 50.00 | 53.00 | OK | 
Version: 0.4.0
Check: CRAN incoming feasibility
Result: NOTE
  Maintainer: ‘Magnus Thor Torfason <m@zulutime.net>’
  
  No Authors@R field in DESCRIPTION.
  Please add one, modifying
    Authors@R: person(given = c("Magnus", "Thor"),
                      family = "Torfason",
                      role = c("aut", "cre"),
                      email = "m@zulutime.net")
  as necessary.
Flavors: r-devel-linux-x86_64-debian-clang, r-devel-linux-x86_64-debian-gcc
Version: 0.4.0
Check: DESCRIPTION meta-information
Result: NOTE
    Missing dependency on R >= 4.1.0 because package code uses the pipe
    |> or function shorthand \(...) syntax added in R 4.1.0.
    File(s) using such syntax:
      ‘external_fitters.Rd’ ‘zfunction.Rd’ ‘zlm.Rd’ ‘zprint.Rd’
Flavors: r-devel-linux-x86_64-debian-clang, r-devel-linux-x86_64-debian-gcc, r-devel-linux-x86_64-fedora-clang, r-devel-linux-x86_64-fedora-gcc, r-devel-windows-x86_64, r-patched-linux-x86_64, r-release-linux-x86_64, r-release-macos-arm64, r-release-macos-x86_64, r-release-windows-x86_64