Last updated on 2025-10-31 13:51:07 CET.
| Flavor | Version | Tinstall | Tcheck | Ttotal | Status | Flags | 
|---|---|---|---|---|---|---|
| r-devel-linux-x86_64-debian-clang | 0.6-70 | 8.21 | 96.82 | 105.03 | NOTE | |
| r-devel-linux-x86_64-debian-gcc | 0.6-70 | 5.63 | 59.56 | 65.19 | NOTE | |
| r-devel-linux-x86_64-fedora-clang | 0.6-70 | 19.00 | 149.17 | 168.17 | OK | |
| r-devel-linux-x86_64-fedora-gcc | 0.6-70 | 15.00 | 153.59 | 168.59 | OK | |
| r-devel-windows-x86_64 | 0.6-70 | 8.00 | 135.00 | 143.00 | OK | |
| r-patched-linux-x86_64 | 0.6-70 | 10.26 | 90.63 | 100.89 | OK | |
| r-release-linux-x86_64 | 0.6-70 | 6.94 | 92.10 | 99.04 | OK | |
| r-release-macos-arm64 | 0.6-70 | 4.00 | 46.00 | 50.00 | OK | |
| r-release-macos-x86_64 | 0.6-70 | 7.00 | 98.00 | 105.00 | OK | |
| r-release-windows-x86_64 | 0.6-70 | 10.00 | 139.00 | 149.00 | OK | |
| r-oldrel-macos-arm64 | 0.6-70 | 3.00 | 42.00 | 45.00 | OK | |
| r-oldrel-macos-x86_64 | 0.6-70 | 6.00 | 81.00 | 87.00 | OK | |
| r-oldrel-windows-x86_64 | 0.6-70 | 10.00 | 131.00 | 141.00 | OK | 
Version: 0.6-70
Check: CRAN incoming feasibility
Result: NOTE
  Maintainer: ‘Stefan Evert <stefan.evert@fau.de>’
  
  No Authors@R field in DESCRIPTION.
  Please add one, modifying
    Authors@R: c(person(given = "Stefan",
                        family = "Evert",
                        role = c("aut", "cre"),
                        email = "stefan.evert@fau.de"),
                 person(given = "Marco",
                        family = "Baroni",
                        role = "aut",
                        email = "marco.baroni@unitn.it"))
  as necessary.
  
  Found the following URLs which should use \doi (with the DOI name only):
    File ‘productivity_measures.Rd’:
      http://dx.doi.org/10.18419/opus-2556
    File ‘zipfR_package.Rd’:
      http://dx.doi.org/10.18419/opus-2556
Flavors: r-devel-linux-x86_64-debian-clang, r-devel-linux-x86_64-debian-gcc