CRAN Package Check Results for Package AGPRIS

Last updated on 2025-07-08 13:49:03 CEST.

Flavor Version Tinstall Tcheck Ttotal Status Flags
r-devel-linux-x86_64-debian-clang 2.0 3.41 29.43 32.84 OK
r-devel-linux-x86_64-debian-gcc 2.0 2.36 22.52 24.88 OK
r-devel-linux-x86_64-fedora-clang 2.0 53.77 OK
r-devel-linux-x86_64-fedora-gcc 2.0 54.23 OK
r-devel-windows-x86_64 2.0 5.00 50.00 55.00 OK
r-patched-linux-x86_64 2.0 3.82 27.92 31.74 OK
r-release-linux-x86_64 2.0 3.34 27.26 30.60 OK
r-release-macos-arm64 2.0 27.00 OK
r-release-macos-x86_64 2.0 40.00 OK
r-release-windows-x86_64 2.0 5.00 49.00 54.00 OK
r-oldrel-macos-arm64 2.0 21.00 NOTE
r-oldrel-macos-x86_64 2.0 35.00 NOTE
r-oldrel-windows-x86_64 2.0 7.00 56.00 63.00 OK

Check Details

Version: 2.0
Check: package dependencies
Result: NOTE Package suggested but not available for checking: ‘INLA’ Flavors: r-oldrel-macos-arm64, r-oldrel-macos-x86_64