Last updated on 2024-08-16 12:49:03 CEST.
Flavor | Version | Tinstall | Tcheck | Ttotal | Status | Flags |
---|---|---|---|---|---|---|
r-devel-linux-x86_64-debian-clang | 1.0.1 | 15.60 | 93.96 | 109.56 | OK | |
r-devel-linux-x86_64-debian-gcc | 1.0.1 | 10.59 | 67.83 | 78.42 | OK | |
r-devel-linux-x86_64-fedora-clang | 1.0.1 | 2.66 | ERROR | |||
r-devel-linux-x86_64-fedora-gcc | 1.0.1 | 175.21 | NOTE | |||
r-devel-windows-x86_64 | 1.0.1 | 16.00 | 100.00 | 116.00 | OK | |
r-patched-linux-x86_64 | 1.0.1 | 14.21 | 87.46 | 101.67 | OK | |
r-release-linux-x86_64 | 1.0.1 | 15.19 | 88.30 | 103.49 | OK | |
r-release-macos-arm64 | 1.0.1 | 55.00 | OK | |||
r-release-macos-x86_64 | 1.0.1 | 89.00 | OK | |||
r-release-windows-x86_64 | 1.0.1 | 18.00 | 99.00 | 117.00 | OK | |
r-oldrel-macos-arm64 | 1.0.1 | 62.00 | OK | |||
r-oldrel-macos-x86_64 | 1.0.1 | 96.00 | OK | |||
r-oldrel-windows-x86_64 | 1.0.1 | 22.00 | 123.00 | 145.00 | OK |
Version: 1.0.1
Check: package dependencies
Result: ERROR
Package required but not available: ‘plgp’
See section ‘The DESCRIPTION file’ in the ‘Writing R Extensions’
manual.
Flavor: r-devel-linux-x86_64-fedora-clang
Version: 1.0.1
Check: dependencies in R code
Result: NOTE
Namespaces in Imports field not imported from:
‘devtools’ ‘mixexp’
All declared Imports should be used.
Flavor: r-devel-linux-x86_64-fedora-gcc