Last updated on 2024-07-18 01:55:26 CEST.
Flavor | Version | Tinstall | Tcheck | Ttotal | Status | Flags |
---|---|---|---|---|---|---|
r-devel-linux-x86_64-debian-clang | 0.1.2 | 94.49 | 79.36 | 173.85 | NOTE | |
r-devel-linux-x86_64-debian-gcc | 0.1.2 | 79.28 | 60.94 | 140.22 | NOTE | |
r-devel-linux-x86_64-fedora-clang | 0.1.2 | 213.65 | NOTE | |||
r-devel-linux-x86_64-fedora-gcc | 0.1.2 | 270.11 | NOTE | |||
r-devel-windows-x86_64 | 0.1.2 | 71.00 | 97.00 | 168.00 | NOTE | |
r-patched-linux-x86_64 | 0.1.2 | 84.27 | 81.25 | 165.52 | NOTE | |
r-release-linux-x86_64 | 0.1.2 | 89.14 | 81.00 | 170.14 | NOTE | |
r-release-macos-arm64 | 0.1.2 | 54.00 | NOTE | |||
r-release-macos-x86_64 | 0.1.2 | 79.00 | NOTE | |||
r-release-windows-x86_64 | 0.1.2 | 69.00 | 117.00 | 186.00 | NOTE | |
r-oldrel-macos-arm64 | 0.1.2 | 57.00 | NOTE | |||
r-oldrel-macos-x86_64 | 0.1.2 | 83.00 | NOTE | |||
r-oldrel-windows-x86_64 | 0.1.2 | 91.00 | 115.00 | 206.00 | NOTE |
Version: 0.1.2
Check: C++ specification
Result: NOTE
Specified C++11: please drop specification unless essential
Flavors: r-devel-linux-x86_64-debian-clang, r-devel-linux-x86_64-debian-gcc, r-devel-linux-x86_64-fedora-clang, r-devel-linux-x86_64-fedora-gcc, r-devel-windows-x86_64, r-patched-linux-x86_64, r-release-linux-x86_64, r-release-macos-arm64, r-release-macos-x86_64, r-release-windows-x86_64, r-oldrel-macos-arm64, r-oldrel-macos-x86_64, r-oldrel-windows-x86_64
Version: 0.1.2
Check: installed package size
Result: NOTE
installed size is 30.0Mb
sub-directories of 1Mb or more:
libs 29.7Mb
Flavors: r-release-macos-arm64, r-release-macos-x86_64, r-oldrel-macos-arm64, r-oldrel-macos-x86_64