Last updated on 2024-08-16 12:49:03 CEST.
Flavor | Version | Tinstall | Tcheck | Ttotal | Status | Flags |
---|---|---|---|---|---|---|
r-devel-linux-x86_64-debian-clang | 0.11.1 | 9.96 | 128.42 | 138.38 | NOTE | |
r-devel-linux-x86_64-debian-gcc | 0.11.1 | 7.63 | 91.68 | 99.31 | NOTE | |
r-devel-linux-x86_64-fedora-clang | 0.11.1 | 224.96 | OK | |||
r-devel-linux-x86_64-fedora-gcc | 0.11.1 | 222.67 | OK | |||
r-devel-windows-x86_64 | 0.11.1 | 13.00 | 134.00 | 147.00 | NOTE | |
r-patched-linux-x86_64 | 0.11.1 | 16.03 | 119.03 | 135.06 | OK | |
r-release-linux-x86_64 | 0.11.1 | 9.32 | 120.19 | 129.51 | OK | |
r-release-macos-arm64 | 0.11.1 | 68.00 | OK | |||
r-release-macos-x86_64 | 0.11.1 | 103.00 | OK | |||
r-release-windows-x86_64 | 0.11.1 | 11.00 | 137.00 | 148.00 | OK | |
r-oldrel-macos-arm64 | 0.11.1 | 77.00 | OK | |||
r-oldrel-macos-x86_64 | 0.11.1 | 119.00 | OK | |||
r-oldrel-windows-x86_64 | 0.11.1 | 17.00 | 167.00 | 184.00 | OK |
Version: 0.11.1
Check: Rd cross-references
Result: NOTE
Found the following Rd file(s) with Rd \link{} targets missing package
anchors:
anova.art.Rd: Anova
art.Rd: lmer
art.con.Rd: contrast, summary.emmGrid, lmer, emmeans
artlm.Rd: lmer, merMod
artlm.con.Rd: lmer, merMod
Please provide package anchors for all Rd \link{} targets not in the
package itself and the base packages.
Flavors: r-devel-linux-x86_64-debian-clang, r-devel-linux-x86_64-debian-gcc, r-devel-windows-x86_64