Last updated on 2024-07-18 01:55:25 CEST.
Flavor | Version | Tinstall | Tcheck | Ttotal | Status | Flags |
---|---|---|---|---|---|---|
r-devel-linux-x86_64-debian-clang | 0.1 | 3.66 | 44.12 | 47.78 | NOTE | |
r-devel-linux-x86_64-debian-gcc | 0.1 | 4.03 | 32.88 | 36.91 | NOTE | |
r-devel-linux-x86_64-fedora-clang | 0.1 | 60.70 | NOTE | |||
r-devel-linux-x86_64-fedora-gcc | 0.1 | 59.07 | NOTE | |||
r-devel-windows-x86_64 | 0.1 | 5.00 | 57.00 | 62.00 | NOTE | |
r-patched-linux-x86_64 | 0.1 | 4.71 | 41.77 | 46.48 | NOTE | |
r-release-linux-x86_64 | 0.1 | 4.44 | 41.65 | 46.09 | NOTE | |
r-release-macos-arm64 | 0.1 | 24.00 | NOTE | |||
r-release-macos-x86_64 | 0.1 | 34.00 | NOTE | |||
r-release-windows-x86_64 | 0.1 | 5.00 | 60.00 | 65.00 | NOTE | |
r-oldrel-macos-arm64 | 0.1 | 26.00 | NOTE | |||
r-oldrel-macos-x86_64 | 0.1 | 33.00 | NOTE | |||
r-oldrel-windows-x86_64 | 0.1 | 7.00 | 62.00 | 69.00 | NOTE |
Version: 0.1
Check: LazyData
Result: NOTE
'LazyData' is specified without a 'data' directory
Flavors: r-devel-linux-x86_64-debian-clang, r-devel-linux-x86_64-debian-gcc, r-devel-linux-x86_64-fedora-clang, r-devel-linux-x86_64-fedora-gcc, r-devel-windows-x86_64, r-patched-linux-x86_64, r-release-linux-x86_64, r-release-macos-arm64, r-release-macos-x86_64, r-release-windows-x86_64, r-oldrel-macos-arm64, r-oldrel-macos-x86_64, r-oldrel-windows-x86_64
Version: 0.1
Check: for non-standard things in the check directory
Result: NOTE
Found the following files/directories:
‘Example.jpeg’
Flavors: r-devel-linux-x86_64-debian-clang, r-devel-linux-x86_64-debian-gcc, r-devel-linux-x86_64-fedora-clang, r-devel-linux-x86_64-fedora-gcc, r-patched-linux-x86_64, r-release-linux-x86_64