Last updated on 2024-08-16 12:49:03 CEST.
Flavor | Version | Tinstall | Tcheck | Ttotal | Status | Flags |
---|---|---|---|---|---|---|
r-devel-linux-x86_64-debian-clang | 1.5.3 | 191.10 | 82.36 | 273.46 | OK | |
r-devel-linux-x86_64-debian-gcc | 1.5.3 | 142.28 | 55.79 | 198.07 | OK | |
r-devel-linux-x86_64-fedora-clang | 1.5.3 | 508.64 | OK | |||
r-devel-linux-x86_64-fedora-gcc | 1.5.3 | 582.20 | OK | |||
r-devel-windows-x86_64 | 1.5.3 | 194.00 | 153.00 | 347.00 | OK | |
r-patched-linux-x86_64 | 1.5.3 | 214.55 | 76.12 | 290.67 | OK | |
r-release-linux-x86_64 | 1.5.3 | 193.15 | 76.17 | 269.32 | OK | |
r-release-macos-arm64 | 1.5.3 | 116.00 | NOTE | |||
r-release-macos-x86_64 | 1.5.3 | 121.00 | NOTE | |||
r-release-windows-x86_64 | 1.5.3 | 199.00 | 153.00 | 352.00 | OK | |
r-oldrel-macos-arm64 | 1.5.3 | 127.00 | NOTE | |||
r-oldrel-macos-x86_64 | 1.5.3 | 184.00 | NOTE | |||
r-oldrel-windows-x86_64 | 1.5.3 | 234.00 | 169.00 | 403.00 | OK |
Version: 1.5.3
Check: installed package size
Result: NOTE
installed size is 19.1Mb
sub-directories of 1Mb or more:
libs 17.8Mb
Flavors: r-release-macos-arm64, r-release-macos-x86_64, r-oldrel-macos-arm64, r-oldrel-macos-x86_64