Last updated on 2024-07-18 01:55:26 CEST.
Flavor | Version | Tinstall | Tcheck | Ttotal | Status | Flags |
---|---|---|---|---|---|---|
r-devel-linux-x86_64-debian-clang | 2.1.1 | 2.15 | 30.49 | 32.64 | OK | |
r-devel-linux-x86_64-debian-gcc | 2.1.1 | 1.91 | 22.09 | 24.00 | OK | |
r-devel-linux-x86_64-fedora-clang | 2.1.1 | 41.05 | OK | |||
r-devel-linux-x86_64-fedora-gcc | 2.1.1 | 38.58 | OK | |||
r-devel-windows-x86_64 | 2.1.1 | 3.00 | 44.00 | 47.00 | NOTE | |
r-patched-linux-x86_64 | 2.1.1 | 2.78 | 28.70 | 31.48 | OK | |
r-release-linux-x86_64 | 2.1.1 | 1.95 | 29.78 | 31.73 | OK | |
r-release-macos-arm64 | 2.1.1 | 16.00 | OK | |||
r-release-macos-x86_64 | 2.1.1 | 23.00 | OK | |||
r-release-windows-x86_64 | 2.1.1 | 3.00 | 45.00 | 48.00 | OK | |
r-oldrel-macos-arm64 | 2.1.1 | 18.00 | OK | |||
r-oldrel-macos-x86_64 | 2.1.1 | 37.00 | OK | |||
r-oldrel-windows-x86_64 | 2.1.1 | 3.00 | 45.00 | 48.00 | OK |
Version: 2.1.1
Check: Rd cross-references
Result: NOTE
Found the following Rd file(s) with Rd \link{} targets missing package
anchors:
BACprior.lm.Rd: regsubsets
Please provide package anchors for all Rd \link{} targets not in the
package itself and the base packages.
Flavor: r-devel-windows-x86_64