Last updated on 2024-07-18 01:55:26 CEST.
Flavor | Version | Tinstall | Tcheck | Ttotal | Status | Flags |
---|---|---|---|---|---|---|
r-devel-linux-x86_64-debian-clang | 3.6-6 | 181.70 | 163.05 | 344.75 | OK | |
r-devel-linux-x86_64-debian-gcc | 3.6-6 | 129.87 | 116.97 | 246.84 | OK | |
r-devel-linux-x86_64-fedora-clang | 3.6-6 | 456.81 | OK | |||
r-devel-linux-x86_64-fedora-gcc | 3.6-6 | 476.09 | OK | |||
r-devel-windows-x86_64 | 3.6-6 | 136.00 | 150.00 | 286.00 | OK | |
r-patched-linux-x86_64 | 3.6-6 | 127.03 | 154.05 | 281.08 | OK | |
r-release-linux-x86_64 | 3.6-6 | 141.09 | 152.55 | 293.64 | OK | |
r-release-macos-arm64 | 3.6-6 | 64.00 | NOTE | |||
r-release-macos-x86_64 | 3.6-6 | 128.00 | NOTE | |||
r-release-windows-x86_64 | 3.6-6 | 133.00 | 150.00 | 283.00 | OK | |
r-oldrel-macos-arm64 | 3.6-6 | 70.00 | NOTE | |||
r-oldrel-macos-x86_64 | 3.6-6 | 92.00 | NOTE | |||
r-oldrel-windows-x86_64 | 3.6-6 | 171.00 | 186.00 | 357.00 | OK |
Version: 3.6-6
Check: installed package size
Result: NOTE
installed size is 9.6Mb
sub-directories of 1Mb or more:
data 1.4Mb
libs 7.7Mb
Flavors: r-release-macos-arm64, r-release-macos-x86_64, r-oldrel-macos-arm64, r-oldrel-macos-x86_64