CRAN Package Check Results for Package BarcodingR

Last updated on 2025-07-03 00:50:47 CEST.

Flavor Version Tinstall Tcheck Ttotal Status Flags
r-devel-linux-x86_64-debian-clang 1.0-3 6.76 51.66 58.42 NOTE
r-devel-linux-x86_64-debian-gcc 1.0-3 4.92 38.34 43.26 NOTE
r-devel-linux-x86_64-fedora-clang 1.0-3 93.42 NOTE
r-devel-linux-x86_64-fedora-gcc 1.0-3 92.21 NOTE
r-devel-windows-x86_64 1.0-3 8.00 71.00 79.00 NOTE
r-patched-linux-x86_64 1.0-3 6.61 50.09 56.70 NOTE
r-release-linux-x86_64 1.0-3 6.28 50.31 56.59 NOTE
r-release-macos-arm64 1.0-3 30.00 NOTE
r-release-macos-x86_64 1.0-3 55.00 NOTE
r-release-windows-x86_64 1.0-3 8.00 72.00 80.00 NOTE
r-oldrel-macos-arm64 1.0-3 30.00 NOTE
r-oldrel-macos-x86_64 1.0-3 42.00 NOTE
r-oldrel-windows-x86_64 1.0-3 10.00 86.00 96.00 NOTE

Check Details

Version: 1.0-3
Check: Rd files
Result: NOTE checkRd: (-1) barcoding.spe.identify2.Rd:27: Lost braces; missing escapes or markup? 27 | read.dna() from package {ape} was used to obtain DNAbin object for unaligned non-coding barcodes. | ^ Flavors: r-devel-linux-x86_64-debian-clang, r-devel-linux-x86_64-debian-gcc, r-devel-linux-x86_64-fedora-clang, r-devel-linux-x86_64-fedora-gcc, r-devel-windows-x86_64, r-patched-linux-x86_64, r-release-linux-x86_64, r-release-macos-arm64, r-release-macos-x86_64, r-release-windows-x86_64, r-oldrel-macos-arm64, r-oldrel-macos-x86_64, r-oldrel-windows-x86_64