Last updated on 2024-08-16 12:49:04 CEST.
Flavor | Version | Tinstall | Tcheck | Ttotal | Status | Flags |
---|---|---|---|---|---|---|
r-devel-linux-x86_64-debian-clang | 0.3.2 | 5.14 | 182.68 | 187.82 | OK | |
r-devel-linux-x86_64-debian-gcc | 0.3.2 | 4.55 | 131.03 | 135.58 | OK | |
r-devel-linux-x86_64-fedora-clang | 0.3.2 | 322.60 | NOTE | |||
r-devel-linux-x86_64-fedora-gcc | 0.3.2 | 303.79 | NOTE | |||
r-devel-windows-x86_64 | 0.3.2 | 8.00 | 221.00 | 229.00 | OK | |
r-patched-linux-x86_64 | 0.3.2 | 5.36 | 176.44 | 181.80 | OK | |
r-release-linux-x86_64 | 0.3.2 | 4.87 | 176.42 | 181.29 | OK | |
r-release-macos-arm64 | 0.3.2 | 92.00 | OK | |||
r-release-macos-x86_64 | 0.3.2 | 136.00 | OK | |||
r-release-windows-x86_64 | 0.3.2 | 12.00 | 223.00 | 235.00 | OK | |
r-oldrel-macos-arm64 | 0.3.2 | 100.00 | OK | |||
r-oldrel-macos-x86_64 | 0.3.2 | 160.00 | OK | |||
r-oldrel-windows-x86_64 | 0.3.2 | 13.00 | 253.00 | 266.00 | OK |
Version: 0.3.2
Check: dependencies in R code
Result: NOTE
Namespaces in Imports field not imported from:
‘HDInterval’ ‘MCMCpack’ ‘R2WinBUGS’ ‘R2jags’ ‘carData’ ‘rjags’
All declared Imports should be used.
Flavors: r-devel-linux-x86_64-fedora-clang, r-devel-linux-x86_64-fedora-gcc