Last updated on 2024-07-18 01:55:26 CEST.
Flavor | Version | Tinstall | Tcheck | Ttotal | Status | Flags |
---|---|---|---|---|---|---|
r-devel-linux-x86_64-debian-clang | 1.0 | 44.67 | 34.56 | 79.23 | OK | |
r-devel-linux-x86_64-debian-gcc | 1.0 | 26.91 | 26.98 | 53.89 | OK | |
r-devel-linux-x86_64-fedora-clang | 1.0 | 95.42 | OK | |||
r-devel-linux-x86_64-fedora-gcc | 1.0 | 100.06 | OK | |||
r-devel-windows-x86_64 | 1.0 | 28.00 | 66.00 | 94.00 | OK | |
r-patched-linux-x86_64 | 1.0 | 30.75 | 34.08 | 64.83 | OK | |
r-release-linux-x86_64 | 1.0 | 28.60 | 34.46 | 63.06 | OK | |
r-release-macos-arm64 | 1.0 | 28.00 | NOTE | |||
r-release-macos-x86_64 | 1.0 | 43.00 | NOTE | |||
r-release-windows-x86_64 | 1.0 | 29.00 | 64.00 | 93.00 | OK | |
r-oldrel-macos-arm64 | 1.0 | 32.00 | NOTE | |||
r-oldrel-macos-x86_64 | 1.0 | 46.00 | NOTE | |||
r-oldrel-windows-x86_64 | 1.0 | 35.00 | 76.00 | 111.00 | OK |
Version: 1.0
Check: installed package size
Result: NOTE
installed size is 8.8Mb
sub-directories of 1Mb or more:
libs 8.7Mb
Flavors: r-release-macos-arm64, r-release-macos-x86_64, r-oldrel-macos-arm64, r-oldrel-macos-x86_64