Last updated on 2024-07-18 01:55:26 CEST.
Flavor | Version | Tinstall | Tcheck | Ttotal | Status | Flags |
---|---|---|---|---|---|---|
r-devel-linux-x86_64-debian-clang | 2.2 | 143.50 | 170.95 | 314.45 | NOTE | |
r-devel-linux-x86_64-debian-gcc | 2.2 | 105.76 | 120.74 | 226.50 | NOTE | |
r-devel-linux-x86_64-fedora-clang | 2.2 | 438.43 | NOTE | |||
r-devel-linux-x86_64-fedora-gcc | 2.2 | 454.63 | NOTE | |||
r-devel-windows-x86_64 | 2.2 | 112.00 | 173.00 | 285.00 | NOTE | |
r-patched-linux-x86_64 | 2.2 | 112.44 | 126.64 | 239.08 | ERROR | |
r-release-linux-x86_64 | 2.2 | 123.32 | 154.69 | 278.01 | NOTE | |
r-release-macos-arm64 | 2.2 | 114.00 | NOTE | |||
r-release-macos-x86_64 | 2.2 | 176.00 | NOTE | |||
r-release-windows-x86_64 | 2.2 | 111.00 | 180.00 | 291.00 | NOTE | |
r-oldrel-macos-arm64 | 2.2 | 151.00 | NOTE | |||
r-oldrel-macos-x86_64 | 2.2 | 235.00 | NOTE | |||
r-oldrel-windows-x86_64 | 2.2 | 137.00 | 203.00 | 340.00 | NOTE |
Version: 2.2
Check: C++ specification
Result: NOTE
Specified C++11: please drop specification unless essential
Flavors: r-devel-linux-x86_64-debian-clang, r-devel-linux-x86_64-debian-gcc, r-devel-linux-x86_64-fedora-clang, r-devel-linux-x86_64-fedora-gcc, r-devel-windows-x86_64, r-patched-linux-x86_64, r-release-linux-x86_64, r-release-macos-arm64, r-release-macos-x86_64, r-release-windows-x86_64, r-oldrel-macos-arm64, r-oldrel-macos-x86_64, r-oldrel-windows-x86_64
Version: 2.2
Check: re-building of vignette outputs
Result: ERROR
Error(s) in re-building vignettes:
...
--- re-building ‘BayesRGMM.Rnw’ using Sweave
Error: processing vignette 'BayesRGMM.Rnw' failed with diagnostics:
chunk 3 (label = Simulation 2: ARMA Correlation Structure)
Error in eval(expr, .GlobalEnv) :
inv_sympd(): matrix is singular or not positive definite
--- failed re-building ‘BayesRGMM.Rnw’
SUMMARY: processing the following file failed:
‘BayesRGMM.Rnw’
Error: Vignette re-building failed.
Execution halted
Flavor: r-patched-linux-x86_64
Version: 2.2
Check: installed package size
Result: NOTE
installed size is 8.1Mb
sub-directories of 1Mb or more:
libs 7.5Mb
Flavors: r-release-macos-arm64, r-release-macos-x86_64, r-oldrel-macos-arm64, r-oldrel-macos-x86_64