Last updated on 2025-07-08 13:49:04 CEST.
Flavor | Version | Tinstall | Tcheck | Ttotal | Status | Flags |
---|---|---|---|---|---|---|
r-devel-linux-x86_64-debian-clang | 0.1.0 | 93.78 | 295.09 | 388.87 | OK | |
r-devel-linux-x86_64-debian-gcc | 0.1.0 | 66.64 | 212.88 | 279.52 | OK | |
r-devel-linux-x86_64-fedora-clang | 0.1.0 | 666.00 | OK | |||
r-devel-linux-x86_64-fedora-gcc | 0.1.0 | 613.83 | OK | |||
r-devel-windows-x86_64 | 0.1.0 | 92.00 | 305.00 | 397.00 | OK | |
r-patched-linux-x86_64 | 0.1.0 | 94.84 | 309.85 | 404.69 | OK | |
r-release-linux-x86_64 | 0.1.0 | 89.44 | 299.27 | 388.71 | OK | |
r-release-macos-arm64 | 0.1.0 | 185.00 | OK | |||
r-release-macos-x86_64 | 0.1.0 | 392.00 | OK | |||
r-release-windows-x86_64 | 0.1.0 | 100.00 | 308.00 | 408.00 | OK | |
r-oldrel-macos-arm64 | 0.1.0 | 183.00 | NOTE | |||
r-oldrel-macos-x86_64 | 0.1.0 | 323.00 | NOTE | |||
r-oldrel-windows-x86_64 | 0.1.0 | 123.00 | 393.00 | 516.00 | OK |
Version: 0.1.0
Check: installed package size
Result: NOTE
installed size is 7.1Mb
sub-directories of 1Mb or more:
libs 5.7Mb
Flavors: r-oldrel-macos-arm64, r-oldrel-macos-x86_64