Last updated on 2024-06-14 13:56:15 CEST.
Flavor | Version | Tinstall | Tcheck | Ttotal | Status | Flags |
---|---|---|---|---|---|---|
r-devel-linux-x86_64-debian-clang | 0.3.11 | 97.33 | 155.50 | 252.83 | NOTE | |
r-devel-linux-x86_64-debian-gcc | 0.3.11 | 75.66 | 118.80 | 194.46 | NOTE | |
r-devel-linux-x86_64-fedora-clang | 0.3.11 | 312.74 | OK | |||
r-devel-linux-x86_64-fedora-gcc | 0.3.11 | 329.81 | OK | |||
r-devel-windows-x86_64 | 0.3.11 | 67.00 | 149.00 | 216.00 | OK | |
r-patched-linux-x86_64 | 0.3.11 | 98.08 | 152.76 | 250.84 | NOTE | |
r-release-linux-x86_64 | 0.3.11 | 70.04 | 154.46 | 224.50 | NOTE | |
r-release-macos-arm64 | 0.3.11 | 80.00 | NOTE | |||
r-release-macos-x86_64 | 0.3.11 | 193.00 | NOTE | |||
r-release-windows-x86_64 | 0.3.11 | 73.00 | 158.00 | 231.00 | OK | |
r-oldrel-macos-arm64 | 0.3.11 | 83.00 | NOTE | |||
r-oldrel-macos-x86_64 | 0.3.11 | 147.00 | NOTE | |||
r-oldrel-windows-x86_64 | 0.3.11 | 87.00 | 189.00 | 276.00 | NOTE |
Version: 0.3.11
Check: package dependencies
Result: NOTE
Package suggested but not available for checking: ‘INLA’
Flavors: r-devel-linux-x86_64-debian-clang, r-devel-linux-x86_64-debian-gcc, r-patched-linux-x86_64, r-release-linux-x86_64, r-release-macos-arm64, r-release-macos-x86_64, r-oldrel-macos-arm64, r-oldrel-macos-x86_64, r-oldrel-windows-x86_64
Version: 0.3.11
Check: installed package size
Result: NOTE
installed size is 17.0Mb
sub-directories of 1Mb or more:
libs 16.6Mb
Flavors: r-release-macos-arm64, r-release-macos-x86_64, r-oldrel-macos-arm64, r-oldrel-macos-x86_64