CRAN Package Check Results for Package BootstrapQTL

Last updated on 2025-07-04 12:48:55 CEST.

Flavor Version Tinstall Tcheck Ttotal Status Flags
r-devel-linux-x86_64-debian-clang 1.0.5 2.95 34.76 37.71 NOTE
r-devel-linux-x86_64-debian-gcc 1.0.5 1.80 27.31 29.11 NOTE
r-devel-linux-x86_64-fedora-clang 1.0.5 60.15 OK
r-devel-linux-x86_64-fedora-gcc 1.0.5 55.89 OK
r-devel-windows-x86_64 1.0.5 3.00 51.00 54.00 OK
r-patched-linux-x86_64 1.0.5 2.95 31.83 34.78 OK
r-release-linux-x86_64 1.0.5 2.75 31.94 34.69 OK
r-release-macos-arm64 1.0.5 24.00 OK
r-release-macos-x86_64 1.0.5 34.00 OK
r-release-windows-x86_64 1.0.5 4.00 55.00 59.00 OK
r-oldrel-macos-arm64 1.0.5 21.00 OK
r-oldrel-macos-x86_64 1.0.5 32.00 OK
r-oldrel-windows-x86_64 1.0.5 5.00 61.00 66.00 NOTE

Check Details

Version: 1.0.5
Check: CRAN incoming feasibility
Result: NOTE Maintainer: ‘Scott Ritchie <sritchie73@gmail.com>’ No Authors@R field in DESCRIPTION. Please add one, modifying Authors@R: c(person(given = c("Qin", "Qin"), family = "Huang", role = "aut"), person(given = "Scott", family = "Ritchie", role = c("aut", "cre"), email = "sritchie73@gmail.com")) as necessary. Flavors: r-devel-linux-x86_64-debian-clang, r-devel-linux-x86_64-debian-gcc

Version: 1.0.5
Check: package dependencies
Result: NOTE Package suggested but not available for checking: 'doMC' Flavor: r-oldrel-windows-x86_64