Last updated on 2024-06-14 13:56:15 CEST.
Flavor | Version | Tinstall | Tcheck | Ttotal | Status | Flags |
---|---|---|---|---|---|---|
r-devel-linux-x86_64-debian-clang | 1.1-2 | 14.23 | 123.33 | 137.56 | OK | |
r-devel-linux-x86_64-debian-gcc | 1.1-2 | 10.37 | 90.05 | 100.42 | OK | |
r-devel-linux-x86_64-fedora-clang | 1.1-2 | 168.15 | OK | |||
r-devel-linux-x86_64-fedora-gcc | 1.1-2 | 172.28 | OK | |||
r-devel-windows-x86_64 | 1.1-2 | 11.00 | 113.00 | 124.00 | OK | |
r-patched-linux-x86_64 | 1.1-2 | 8.73 | 115.03 | 123.76 | OK | |
r-release-linux-x86_64 | 1.1-2 | 7.86 | 119.37 | 127.23 | OK | |
r-release-macos-arm64 | 1.1-2 | 63.00 | OK | |||
r-release-macos-x86_64 | 1.1-2 | 83.00 | OK | |||
r-release-windows-x86_64 | 1.1-2 | 10.00 | 56.00 | 66.00 | FAIL | |
r-oldrel-macos-arm64 | 1.1-2 | 65.00 | OK | |||
r-oldrel-macos-x86_64 | 1.1-2 | 91.00 | OK | |||
r-oldrel-windows-x86_64 | 1.1-2 | 14.00 | 132.00 | 146.00 | OK |
Version: 1.1-2
Check: data for non-ASCII characters
Result: FAIL
Flavor: r-release-windows-x86_64