Last updated on 2024-08-16 12:49:05 CEST.
Flavor | Version | Tinstall | Tcheck | Ttotal | Status | Flags |
---|---|---|---|---|---|---|
r-devel-linux-x86_64-debian-clang | 1.5.0 | 9.02 | 990.79 | 999.81 | OK | |
r-devel-linux-x86_64-debian-gcc | 1.5.0 | 5.75 | 689.53 | 695.28 | OK | |
r-devel-linux-x86_64-fedora-clang | 1.5.0 | 1604.68 | OK | |||
r-devel-linux-x86_64-fedora-gcc | 1.5.0 | 1498.65 | OK | |||
r-devel-windows-x86_64 | 1.5.0 | 12.00 | 895.00 | 907.00 | OK | |
r-patched-linux-x86_64 | 1.5.0 | 10.22 | 930.91 | 941.13 | OK | |
r-release-linux-x86_64 | 1.5.0 | 8.36 | 936.39 | 944.75 | OK | |
r-release-macos-arm64 | 1.5.0 | 397.00 | OK | |||
r-release-macos-x86_64 | 1.5.0 | 1042.00 | OK | |||
r-release-windows-x86_64 | 1.5.0 | 12.00 | 915.00 | 927.00 | OK | |
r-oldrel-macos-arm64 | 1.5.0 | 219.00 | ERROR | |||
r-oldrel-macos-x86_64 | 1.5.0 | 452.00 | ERROR | |||
r-oldrel-windows-x86_64 | 1.5.0 | 15.00 | 1233.00 | 1248.00 | OK |
Version: 1.5.0
Check: running R code from vignettes
Result: ERROR
Errors in running code in vignettes:
when running code in ‘a05_cdm_reference_backends.Rmd’
...
> cdm$condition_occurrence <- cdm$condition_occurrence %>%
+ filter(condition_concept_id == "4035415") %>% select(person_id,
+ condition_sta .... [TRUNCATED]
When sourcing ‘a05_cdm_reference_backends.R’:
Error: condition_occurrence_id, condition_concept_id and
condition_type_concept_id are not present in table condition_occurrence
Execution halted
Warning: Connection is garbage-collected, use dbDisconnect() to avoid this.
‘a01_getting-started.Rmd’ using ‘UTF-8’... [5s/6s] OK
‘a02_cohorts.Rmd’ using ‘UTF-8’... [13s/15s] OK
‘a03_dbplyr.Rmd’ using ‘UTF-8’... [3s/4s] OK
‘a04_DBI_connection_examples.Rmd’ using ‘UTF-8’... [0s/0s] OK
‘a05_cdm_reference_backends.Rmd’ using ‘UTF-8’... failed
‘a06_using_cdm_attributes.Rmd’ using ‘UTF-8’... [3s/4s] OK
Flavor: r-oldrel-macos-arm64
Version: 1.5.0
Check: running R code from vignettes
Result: ERROR
Errors in running code in vignettes:
when running code in ‘a05_cdm_reference_backends.Rmd’
...
> cdm$condition_occurrence <- cdm$condition_occurrence %>%
+ filter(condition_concept_id == "4035415") %>% select(person_id,
+ condition_sta .... [TRUNCATED]
When sourcing ‘a05_cdm_reference_backends.R’:
Error: condition_occurrence_id, condition_concept_id and
condition_type_concept_id are not present in table condition_occurrence
Execution halted
Warning: Connection is garbage-collected, use dbDisconnect() to avoid this.
‘a01_getting-started.Rmd’ using ‘UTF-8’... [8s/13s] OK
‘a02_cohorts.Rmd’ using ‘UTF-8’... [22s/28s] OK
‘a03_dbplyr.Rmd’ using ‘UTF-8’... [4s/6s] OK
‘a04_DBI_connection_examples.Rmd’ using ‘UTF-8’... [0s/0s] OK
‘a05_cdm_reference_backends.Rmd’ using ‘UTF-8’... failed
‘a06_using_cdm_attributes.Rmd’ using ‘UTF-8’... [5s/7s] OK
Flavor: r-oldrel-macos-x86_64