Last updated on 2024-08-16 12:49:05 CEST.
Flavor | Version | Tinstall | Tcheck | Ttotal | Status | Flags |
---|---|---|---|---|---|---|
r-devel-linux-x86_64-debian-clang | 2.1.0 | 20.51 | 302.17 | 322.68 | OK | |
r-devel-linux-x86_64-debian-gcc | 2.1.0 | 12.53 | 199.68 | 212.21 | OK | |
r-devel-linux-x86_64-fedora-clang | 2.1.0 | 524.64 | NOTE | |||
r-devel-linux-x86_64-fedora-gcc | 2.1.0 | 507.60 | OK | |||
r-devel-windows-x86_64 | 2.1.0 | 23.00 | 449.00 | 472.00 | OK | |
r-patched-linux-x86_64 | 2.1.0 | 20.30 | 280.66 | 300.96 | OK | |
r-release-linux-x86_64 | 2.1.0 | 14.62 | 285.50 | 300.12 | OK | |
r-release-macos-arm64 | 2.1.0 | 154.00 | NOTE | |||
r-release-macos-x86_64 | 2.1.0 | 289.00 | NOTE | |||
r-release-windows-x86_64 | 2.1.0 | 24.00 | 451.00 | 475.00 | OK | |
r-oldrel-macos-arm64 | 2.1.0 | 179.00 | OK | |||
r-oldrel-macos-x86_64 | 2.1.0 | 618.00 | OK | |||
r-oldrel-windows-x86_64 | 2.1.0 | 27.00 | 535.00 | 562.00 | OK |
Version: 2.1.0
Check: installed package size
Result: NOTE
installed size is 6.8Mb
sub-directories of 1Mb or more:
doc 2.1Mb
libs 2.0Mb
Flavors: r-devel-linux-x86_64-fedora-clang, r-release-macos-arm64, r-release-macos-x86_64