Last updated on 2024-08-16 00:48:16 CEST.
Flavor | Version | Tinstall | Tcheck | Ttotal | Status | Flags |
---|---|---|---|---|---|---|
r-devel-linux-x86_64-debian-clang | 0.1.0 | 6.73 | 105.74 | 112.47 | OK | |
r-devel-linux-x86_64-debian-gcc | 0.1.0 | 5.01 | 73.10 | 78.11 | OK | |
r-devel-linux-x86_64-fedora-clang | 0.1.0 | 178.42 | NOTE | |||
r-devel-linux-x86_64-fedora-gcc | 0.1.0 | 179.63 | OK | |||
r-devel-windows-x86_64 | 0.1.0 | 9.00 | 104.00 | 113.00 | NOTE | |
r-patched-linux-x86_64 | 0.1.0 | 5.40 | 96.68 | 102.08 | OK | |
r-release-linux-x86_64 | 0.1.0 | 7.41 | 96.03 | 103.44 | OK | |
r-release-macos-arm64 | 0.1.0 | 46.00 | NOTE | |||
r-release-macos-x86_64 | 0.1.0 | 87.00 | NOTE | |||
r-release-windows-x86_64 | 0.1.0 | 8.00 | 102.00 | 110.00 | NOTE | |
r-oldrel-macos-arm64 | 0.1.0 | 57.00 | NOTE | |||
r-oldrel-macos-x86_64 | 0.1.0 | 57.00 | NOTE | |||
r-oldrel-windows-x86_64 | 0.1.0 | 11.00 | 123.00 | 134.00 | NOTE |
Version: 0.1.0
Check: installed package size
Result: NOTE
installed size is 8.0Mb
sub-directories of 1Mb or more:
doc 5.7Mb
extdata 2.1Mb
Flavors: r-devel-linux-x86_64-fedora-clang, r-devel-windows-x86_64, r-release-macos-arm64, r-release-macos-x86_64, r-release-windows-x86_64, r-oldrel-macos-arm64, r-oldrel-macos-x86_64, r-oldrel-windows-x86_64
Version: 0.1.0
Check: package dependencies
Result: NOTE
Packages suggested but not available for checking: 'clustree', 'Seurat'
Flavor: r-oldrel-macos-x86_64
Version: 0.1.0
Check: re-building of vignette outputs
Result: NOTE
Note: skipping ‘CIARA.Rmd’ due to unavailable dependencies: 'Seurat'
Flavor: r-oldrel-macos-x86_64